{"id":642,"date":"2023-05-31T09:24:01","date_gmt":"2023-05-31T07:24:01","guid":{"rendered":"https:\/\/balkanmost.hu\/about\/partners\/"},"modified":"2023-06-05T16:29:16","modified_gmt":"2023-06-05T14:29:16","slug":"partnerek","status":"publish","type":"page","link":"https:\/\/balkanmost.hu\/hu\/a-fesztivalrol\/partnerek\/","title":{"rendered":"Partnerek"},"content":{"rendered":"<h3><img loading=\"lazy\" decoding=\"async\" class=\"alignnone wp-image-37 size-medium\" role=\"img\" src=\"https:\/\/balkanmost.hu\/wp-content\/uploads\/2022\/09\/veb_2023_logo_small.svg\" alt=\"\" width=\"300\" height=\"300\" \/><\/h3>\n<h3>VEB 2023<\/h3>\n<p>Magyarorsz\u00e1g \u00faj kultur\u00e1lis &#8211; kreat\u00edv r\u00e9gi\u00f3ja k\u00f6z\u00f6s p\u00e1ly\u00e1zattal nyerte el a 2023-as Eur\u00f3pa Kultur\u00e1lis F\u0151v\u00e1rosa (EKF) c\u00edmet. Soksz\u00edn\u0171 programjaival, fejleszt\u00e9seivel seg\u00edt a t\u00e9rs\u00e9get eur\u00f3pai kultur\u00e1lis-kreat\u00edv sz\u00ednt\u00e9rr\u00e9 emelni. Pezsg\u0151 \u00e9lettel teli meg\u00fajul\u00f3 v\u00e1rosi terek, Veszpr\u00e9m, a Bakony \u00e9s a Balaton \u00faj, k\u00f6z\u00f6s identit\u00e1sa, a kultur\u00e1lis-kreat\u00edv ipar \u00faj otthona, az Eur\u00f3pa Kultur\u00e1lis F\u0151v\u00e1rosa program v\u00edzi\u00f3ja.<\/p>\n<p><a href=\"https:\/\/veszprembalaton2023.hu\/en\"><img loading=\"lazy\" decoding=\"async\" class=\"alignnone wp-image-286 size-full\" role=\"img\" src=\"https:\/\/balkanmost.hu\/wp-content\/uploads\/2023\/05\/www.svg\" alt=\"\" width=\"21\" height=\"21\" \/><\/a> \u00a0<a href=\"https:\/\/www.facebook.com\/VeszpremBalaton2023\"><img loading=\"lazy\" decoding=\"async\" class=\"alignnone wp-image-283 size-full\" role=\"img\" src=\"https:\/\/balkanmost.hu\/wp-content\/uploads\/2023\/05\/fb.svg\" alt=\"\" width=\"10\" height=\"21\" \/><\/a><\/p>\n<p>&nbsp;<\/p>\n<p><img loading=\"lazy\" decoding=\"async\" class=\"alignnone size-medium wp-image-39\" role=\"img\" src=\"https:\/\/balkanmost.hu\/wp-content\/uploads\/2022\/09\/hangveto_logo.svg\" alt=\"\" width=\"300\" height=\"300\" \/><\/p>\n<h3>Hangvet\u0151<\/h3>\n<p>A Hangvet\u0151ben 2003 \u00f3ta foglalkozunk rendezv\u00e9nyek szervez\u00e9s\u00e9vel, kultur\u00e1lis fejleszt\u00e9si strat\u00e9giai tan\u00e1csad\u00e1ssal \u00e9s kivitelez\u00e9ssel. A vil\u00e1gzene k\u00f6z\u00e9p- \u00e9s kelet-eur\u00f3pai piac\u00e1n k\u00f6zponti szerepet t\u00f6lt\u00fcnk be. Sz\u00e1mtalan nemzetk\u00f6zi projekt\u00fcnk \u00e9s zeneipari szakembereknek sz\u00f3l\u00f3 k\u00e9pz\u00e9si programunk, n\u00e9pszer\u0171 fesztiv\u00e1ljaink, \u00e9s zenei tartalmaink tesznek minket k\u00fcl\u00f6nlegess\u00e9.<\/p>\n<p><a href=\"https:\/\/hangveto.hu\/en\"><img loading=\"lazy\" decoding=\"async\" class=\"alignnone wp-image-286 size-full\" role=\"img\" src=\"https:\/\/balkanmost.hu\/wp-content\/uploads\/2023\/05\/www.svg\" alt=\"\" width=\"21\" height=\"21\" \/><\/a> \u00a0<a href=\"https:\/\/www.facebook.com\/\"><img loading=\"lazy\" decoding=\"async\" class=\"alignnone wp-image-283 size-full\" role=\"img\" src=\"https:\/\/balkanmost.hu\/wp-content\/uploads\/2023\/05\/fb.svg\" alt=\"\" width=\"10\" height=\"21\" \/><\/a><\/p>\n<p>&nbsp;<\/p>\n<p><img loading=\"lazy\" decoding=\"async\" class=\"alignnone size-medium wp-image-41\" role=\"img\" src=\"https:\/\/balkanmost.hu\/wp-content\/uploads\/2022\/09\/most_logo.svg\" alt=\"\" width=\"300\" height=\"300\" \/><\/p>\n<h3>Most Music<\/h3>\n<p>A MOST \u2013\u00a0h\u00edd a balk\u00e1ni zen\u00e9\u00e9rt program c\u00e9lja, hogy t\u00e1mogassa a r\u00e9gi\u00f3 zenei szakembereit \u00e9s zeneipar\u00e1t. Ezt a balk\u00e1ni \u00e9s nyugat-eur\u00f3pai szakemberek \u00f6sszek\u00f6ttet\u00e9s\u00e9vel, \u00e9s a r\u00e9gi\u00f3 exportj\u00e1nak meger\u0151s\u00edt\u00e9s\u00e9vel teszi. Zen\u00e9szeket, kezd\u0151 menedzsereket, fesztiv\u00e1lokat \u00e9s koncerthelysz\u00edneket, valamint kreat\u00edv v\u00e1rosi projekteket t\u00e1mogatunk.<\/p>\n<p><a href=\"https:\/\/mostmusic.eu\/\"><img loading=\"lazy\" decoding=\"async\" class=\"alignnone wp-image-286 size-full\" role=\"img\" src=\"https:\/\/balkanmost.hu\/wp-content\/uploads\/2023\/05\/www.svg\" alt=\"\" width=\"21\" height=\"21\" \/><\/a> \u00a0<a href=\"https:\/\/www.facebook.com\/MostMusicEu\/\"><img loading=\"lazy\" decoding=\"async\" class=\"alignnone wp-image-283 size-full\" role=\"img\" src=\"https:\/\/balkanmost.hu\/wp-content\/uploads\/2023\/05\/fb.svg\" alt=\"\" width=\"10\" height=\"21\" \/><\/a><\/p>\n<p>&nbsp;<\/p>\n<p><img loading=\"lazy\" decoding=\"async\" class=\"alignnone size-medium wp-image-43\" role=\"img\" src=\"https:\/\/balkanmost.hu\/wp-content\/uploads\/2022\/09\/piranha_logo.svg\" alt=\"\" width=\"300\" height=\"300\" \/><\/p>\n<h3>Piranha Arts<\/h3>\n<p>A berlini sz\u00e9khely\u0171 Piranha Arts a legend\u00e1s WOMEX m\u00e1rka tulajdonosa. A WOMEX \u2013 Worldwide Music Expo \u2013 a legnemzetk\u00f6zibb \u00e9s legsoksz\u00edn\u0171bb kultur\u00e1lis \u00e9s zeneipari esem\u00e9ny a vil\u00e1gon, egyben a legnagyobb zenei konferencia is. A WOMEX szakmai v\u00e1s\u00e1rral, filmprogrammal, showcase koncertekkel teljes.<\/p>\n<p><a href=\"https:\/\/womex.com\/\"><img loading=\"lazy\" decoding=\"async\" class=\"alignnone wp-image-286 size-full\" role=\"img\" src=\"https:\/\/balkanmost.hu\/wp-content\/uploads\/2023\/05\/www.svg\" alt=\"\" width=\"21\" height=\"21\" \/><\/a> \u00a0<a href=\"https:\/\/www.facebook.com\/worldmusicexpo\"><img loading=\"lazy\" decoding=\"async\" class=\"alignnone wp-image-283 size-full\" role=\"img\" src=\"https:\/\/balkanmost.hu\/wp-content\/uploads\/2023\/05\/fb.svg\" alt=\"\" width=\"10\" height=\"21\" \/><\/a><\/p>\n","protected":false},"excerpt":{"rendered":"<p>VEB 2023 Magyarorsz\u00e1g \u00faj kultur\u00e1lis &#8211; kreat\u00edv r\u00e9gi\u00f3ja k\u00f6z\u00f6s p\u00e1ly\u00e1zattal nyerte el a 2023-as Eur\u00f3pa Kultur\u00e1lis F\u0151v\u00e1rosa (EKF) c\u00edmet. Soksz\u00edn\u0171 programjaival, fejleszt\u00e9seivel seg\u00edt a t\u00e9rs\u00e9get eur\u00f3pai kultur\u00e1lis-kreat\u00edv sz\u00ednt\u00e9rr\u00e9 emelni. Pezsg\u0151 \u00e9lettel teli meg\u00fajul\u00f3 v\u00e1rosi terek, Veszpr\u00e9m, a Bakony \u00e9s a Balaton \u00faj, k\u00f6z\u00f6s identit\u00e1sa, a kultur\u00e1lis-kreat\u00edv ipar \u00faj otthona, az Eur\u00f3pa Kultur\u00e1lis F\u0151v\u00e1rosa program v\u00edzi\u00f3ja. [&hellip;]<\/p>\n","protected":false},"author":1,"featured_media":0,"parent":640,"menu_order":0,"comment_status":"closed","ping_status":"closed","template":"page-white.php","meta":{"_acf_changed":false,"ngg_post_thumbnail":0,"footnotes":""},"class_list":["post-642","page","type-page","status-publish","hentry"],"acf":[],"_links":{"self":[{"href":"https:\/\/balkanmost.hu\/hu\/wp-json\/wp\/v2\/pages\/642","targetHints":{"allow":["GET"]}}],"collection":[{"href":"https:\/\/balkanmost.hu\/hu\/wp-json\/wp\/v2\/pages"}],"about":[{"href":"https:\/\/balkanmost.hu\/hu\/wp-json\/wp\/v2\/types\/page"}],"author":[{"embeddable":true,"href":"https:\/\/balkanmost.hu\/hu\/wp-json\/wp\/v2\/users\/1"}],"replies":[{"embeddable":true,"href":"https:\/\/balkanmost.hu\/hu\/wp-json\/wp\/v2\/comments?post=642"}],"version-history":[{"count":1,"href":"https:\/\/balkanmost.hu\/hu\/wp-json\/wp\/v2\/pages\/642\/revisions"}],"predecessor-version":[{"id":646,"href":"https:\/\/balkanmost.hu\/hu\/wp-json\/wp\/v2\/pages\/642\/revisions\/646"}],"up":[{"embeddable":true,"href":"https:\/\/balkanmost.hu\/hu\/wp-json\/wp\/v2\/pages\/640"}],"wp:attachment":[{"href":"https:\/\/balkanmost.hu\/hu\/wp-json\/wp\/v2\/media?parent=642"}],"curies":[{"name":"wp","href":"https:\/\/api.w.org\/{rel}","templated":true}]}}

<h3><img loading="lazy" decoding="async" class="alignnone wp-image-37 size-medium" role="img" src="https://balkanmost.hu/wp-content/uploads/2022/09/veb_2023_logo_small.svg" alt="" width="300" height="300" /></h3>
<h3>VEB 2023</h3>
<p>Magyarország új kulturális &#8211; kreatív régiója közös pályázattal nyerte el a 2023-as Európa Kulturális Fővárosa (EKF) címet. Sokszínű programjaival, fejlesztéseivel segít a térséget európai kulturális-kreatív színtérré emelni. Pezsgő élettel teli megújuló városi terek, Veszprém, a Bakony és a Balaton új, közös identitása, a kulturális-kreatív ipar új otthona, az Európa Kulturális Fővárosa program víziója.</p>
<p><a href="https://veszprembalaton2023.hu/en"><img loading="lazy" decoding="async" class="alignnone wp-image-286 size-full" role="img" src="https://balkanmost.hu/wp-content/uploads/2023/05/www.svg" alt="" width="21" height="21" /></a>  <a href="https://www.facebook.com/VeszpremBalaton2023"><img loading="lazy" decoding="async" class="alignnone wp-image-283 size-full" role="img" src="https://balkanmost.hu/wp-content/uploads/2023/05/fb.svg" alt="" width="10" height="21" /></a></p>
<p>&nbsp;</p>
<p><img loading="lazy" decoding="async" class="alignnone size-medium wp-image-39" role="img" src="https://balkanmost.hu/wp-content/uploads/2022/09/hangveto_logo.svg" alt="" width="300" height="300" /></p>
<h3>Hangvető</h3>
<p>A Hangvetőben 2003 óta foglalkozunk rendezvények szervezésével, kulturális fejlesztési stratégiai tanácsadással és kivitelezéssel. A világzene közép- és kelet-európai piacán központi szerepet töltünk be. Számtalan nemzetközi projektünk és zeneipari szakembereknek szóló képzési programunk, népszerű fesztiváljaink, és zenei tartalmaink tesznek minket különlegessé.</p>
<p><a href="https://hangveto.hu/en"><img loading="lazy" decoding="async" class="alignnone wp-image-286 size-full" role="img" src="https://balkanmost.hu/wp-content/uploads/2023/05/www.svg" alt="" width="21" height="21" /></a>  <a href="https://www.facebook.com/"><img loading="lazy" decoding="async" class="alignnone wp-image-283 size-full" role="img" src="https://balkanmost.hu/wp-content/uploads/2023/05/fb.svg" alt="" width="10" height="21" /></a></p>
<p>&nbsp;</p>
<p><img loading="lazy" decoding="async" class="alignnone size-medium wp-image-41" role="img" src="https://balkanmost.hu/wp-content/uploads/2022/09/most_logo.svg" alt="" width="300" height="300" /></p>
<h3>Most Music</h3>
<p>A MOST – híd a balkáni zenéért program célja, hogy támogassa a régió zenei szakembereit és zeneiparát. Ezt a balkáni és nyugat-európai szakemberek összeköttetésével, és a régió exportjának megerősítésével teszi. Zenészeket, kezdő menedzsereket, fesztiválokat és koncerthelyszíneket, valamint kreatív városi projekteket támogatunk.</p>
<p><a href="https://mostmusic.eu/"><img loading="lazy" decoding="async" class="alignnone wp-image-286 size-full" role="img" src="https://balkanmost.hu/wp-content/uploads/2023/05/www.svg" alt="" width="21" height="21" /></a>  <a href="https://www.facebook.com/MostMusicEu/"><img loading="lazy" decoding="async" class="alignnone wp-image-283 size-full" role="img" src="https://balkanmost.hu/wp-content/uploads/2023/05/fb.svg" alt="" width="10" height="21" /></a></p>
<p>&nbsp;</p>
<p><img loading="lazy" decoding="async" class="alignnone size-medium wp-image-43" role="img" src="https://balkanmost.hu/wp-content/uploads/2022/09/piranha_logo.svg" alt="" width="300" height="300" /></p>
<h3>Piranha Arts</h3>
<p>A berlini székhelyű Piranha Arts a legendás WOMEX márka tulajdonosa. A WOMEX – Worldwide Music Expo – a legnemzetközibb és legsokszínűbb kulturális és zeneipari esemény a világon, egyben a legnagyobb zenei konferencia is. A WOMEX szakmai vásárral, filmprogrammal, showcase koncertekkel teljes.</p>
<p><a href="https://womex.com/"><img loading="lazy" decoding="async" class="alignnone wp-image-286 size-full" role="img" src="https://balkanmost.hu/wp-content/uploads/2023/05/www.svg" alt="" width="21" height="21" /></a>  <a href="https://www.facebook.com/worldmusicexpo"><img loading="lazy" decoding="async" class="alignnone wp-image-283 size-full" role="img" src="https://balkanmost.hu/wp-content/uploads/2023/05/fb.svg" alt="" width="10" height="21" /></a></p>

<p>VEB 2023 Magyarország új kulturális &#8211; kreatív régiója közös pályázattal nyerte el a 2023-as Európa Kulturális Fővárosa (EKF) címet. Sokszínű programjaival, fejlesztéseivel segít a térséget európai kulturális-kreatív színtérré emelni. Pezsgő élettel teli megújuló városi terek, Veszprém, a Bakony és a Balaton új, közös identitása, a kulturális-kreatív ipar új otthona, az Európa Kulturális Fővárosa program víziója. [&hellip;]</p>
