{"id":390,"date":"2023-05-02T06:37:42","date_gmt":"2023-05-02T06:37:42","guid":{"rendered":"https:\/\/balkanmost.hu\/?post_type=artist&#038;p=390"},"modified":"2023-05-02T06:39:42","modified_gmt":"2023-05-02T06:39:42","slug":"alice-in-wonderband","status":"publish","type":"artist","link":"https:\/\/balkanmost.hu\/hu\/artist\/alice-in-wonderband\/","title":{"rendered":"Alice in WonderBand"},"content":{"rendered":"<p><span style=\"font-weight: 400;\">Az AWB du\u00f3ja a zene \u00e9s a balk\u00e1ni ritmusok \u0151si gy\u00f6ker\u00e9hez vezet el: a test a hangszer, a t\u00e1nc a zene, nincs egyik a m\u00e1sik n\u00e9lk\u00fcl. A t\u00f6rt, aszimmetrikus l\u00fcktet\u00e9s\u0171 ritmusok \u00e9s zsigerig hatol\u00f3 \u00e9nekek ig\u00e9z\u0151 produkci\u00f3v\u00e1 alakulnak, ami felpezsd\u00edt \u00e9s leny\u0171g\u00f6z. Marko Dinja\u0161ki \u00e9s Ana Vrba\u0161ki a test\u00fck\u00f6n j\u00e1tszanak \u00e9s j\u00e1t\u00e9kra h\u00edvnak, bebizony\u00edtj\u00e1k, hogy mindenkiben ott l\u00fcktet a Balk\u00e1n sodr\u00e1sa.<\/span><\/p>\n","protected":false},"excerpt":{"rendered":"<p>Az AWB du\u00f3ja a zene \u00e9s a balk\u00e1ni ritmusok \u0151si gy\u00f6ker\u00e9hez vezet el: a test a hangszer, a t\u00e1nc a zene, nincs egyik a m\u00e1sik n\u00e9lk\u00fcl. A t\u00f6rt, aszimmetrikus l\u00fcktet\u00e9s\u0171 ritmusok \u00e9s zsigerig hatol\u00f3 \u00e9nekek ig\u00e9z\u0151 produkci\u00f3v\u00e1 alakulnak, ami felpezsd\u00edt \u00e9s leny\u0171g\u00f6z.<\/p>\n","protected":false},"featured_media":116,"template":"","meta":{"_acf_changed":false,"ngg_post_thumbnail":0,"footnotes":""},"performer_year":[],"featured":[],"class_list":["post-390","artist","type-artist","status-publish","has-post-thumbnail","hentry"],"acf":[],"_links":{"self":[{"href":"https:\/\/balkanmost.hu\/hu\/wp-json\/wp\/v2\/artist\/390","targetHints":{"allow":["GET"]}}],"collection":[{"href":"https:\/\/balkanmost.hu\/hu\/wp-json\/wp\/v2\/artist"}],"about":[{"href":"https:\/\/balkanmost.hu\/hu\/wp-json\/wp\/v2\/types\/artist"}],"version-history":[{"count":1,"href":"https:\/\/balkanmost.hu\/hu\/wp-json\/wp\/v2\/artist\/390\/revisions"}],"predecessor-version":[{"id":391,"href":"https:\/\/balkanmost.hu\/hu\/wp-json\/wp\/v2\/artist\/390\/revisions\/391"}],"wp:featuredmedia":[{"embeddable":true,"href":"https:\/\/balkanmost.hu\/hu\/wp-json\/wp\/v2\/media\/116"}],"wp:attachment":[{"href":"https:\/\/balkanmost.hu\/hu\/wp-json\/wp\/v2\/media?parent=390"}],"wp:term":[{"taxonomy":"performer_year","embeddable":true,"href":"https:\/\/balkanmost.hu\/hu\/wp-json\/wp\/v2\/performer_year?post=390"},{"taxonomy":"featured","embeddable":true,"href":"https:\/\/balkanmost.hu\/hu\/wp-json\/wp\/v2\/featured?post=390"}],"curies":[{"name":"wp","href":"https:\/\/api.w.org\/{rel}","templated":true}]}}

<p><span style="font-weight: 400;">Az AWB duója a zene és a balkáni ritmusok ősi gyökeréhez vezet el: a test a hangszer, a tánc a zene, nincs egyik a másik nélkül. A tört, aszimmetrikus lüktetésű ritmusok és zsigerig hatoló énekek igéző produkcióvá alakulnak, ami felpezsdít és lenyűgöz. Marko Dinjaški és Ana Vrbaški a testükön játszanak és játékra hívnak, bebizonyítják, hogy mindenkiben ott lüktet a Balkán sodrása.</span></p>

<p>Az AWB duója a zene és a balkáni ritmusok ősi gyökeréhez vezet el: a test a hangszer, a tánc a zene, nincs egyik a másik nélkül. A tört, aszimmetrikus lüktetésű ritmusok és zsigerig hatoló énekek igéző produkcióvá alakulnak, ami felpezsdít és lenyűgöz.</p>
