{"id":386,"date":"2023-05-02T06:33:33","date_gmt":"2023-05-02T06:33:33","guid":{"rendered":"https:\/\/balkanmost.hu\/?post_type=artist&#038;p=386"},"modified":"2023-05-02T06:35:21","modified_gmt":"2023-05-02T06:35:21","slug":"almir-meskovic-daniel-lazar-duo","status":"publish","type":"artist","link":"https:\/\/balkanmost.hu\/hu\/artist\/almir-meskovic-daniel-lazar-duo\/","title":{"rendered":"Almir Meskovic &#038; Daniel Lazar Duo"},"content":{"rendered":"<p><span style=\"font-weight: 400;\">A k\u00f6z\u00f6s zenei \u00e9s kultur\u00e1lis gy\u00f6kerek, a n\u00e9pzene, komolyzene \u00e9s a jazz organikus \u00f6tv\u00f6z\u00e9se, \u00e9s persze az osl\u00f3i zeneakad\u00e9mi\u00e1n elt\u00f6lt\u00f6tt \u00e9vek hozt\u00e1k l\u00e9tre Almir Meskovic (harmonika) \u00e9s Daniel Lazar (heged\u0171) du\u00f3j\u00e1t. A v\u00e9gs\u0151kig kiterjesztik hangszereik kifejez\u0151k\u00e9pess\u00e9g\u00e9t, kalandozva a st\u00edlusok k\u00f6z\u00f6tt Mozart-t\u00f3l a balkan beat-ig, a skandin\u00e1v hagyom\u00e1nyt is beemelve.<\/span><\/p>\n","protected":false},"excerpt":{"rendered":"<p>A v\u00e9gs\u0151kig kiterjesztik hangszereik kifejez\u0151k\u00e9pess\u00e9g\u00e9t, kalandozva a st\u00edlusok k\u00f6z\u00f6tt Mozart-t\u00f3l a balkan beat-ig, a skandin\u00e1v hagyom\u00e1nyt is beemelve.<\/p>\n","protected":false},"featured_media":140,"template":"","meta":{"_acf_changed":false,"ngg_post_thumbnail":0,"footnotes":""},"performer_year":[],"featured":[],"class_list":["post-386","artist","type-artist","status-publish","has-post-thumbnail","hentry"],"acf":[],"_links":{"self":[{"href":"https:\/\/balkanmost.hu\/hu\/wp-json\/wp\/v2\/artist\/386","targetHints":{"allow":["GET"]}}],"collection":[{"href":"https:\/\/balkanmost.hu\/hu\/wp-json\/wp\/v2\/artist"}],"about":[{"href":"https:\/\/balkanmost.hu\/hu\/wp-json\/wp\/v2\/types\/artist"}],"version-history":[{"count":1,"href":"https:\/\/balkanmost.hu\/hu\/wp-json\/wp\/v2\/artist\/386\/revisions"}],"predecessor-version":[{"id":387,"href":"https:\/\/balkanmost.hu\/hu\/wp-json\/wp\/v2\/artist\/386\/revisions\/387"}],"wp:featuredmedia":[{"embeddable":true,"href":"https:\/\/balkanmost.hu\/hu\/wp-json\/wp\/v2\/media\/140"}],"wp:attachment":[{"href":"https:\/\/balkanmost.hu\/hu\/wp-json\/wp\/v2\/media?parent=386"}],"wp:term":[{"taxonomy":"performer_year","embeddable":true,"href":"https:\/\/balkanmost.hu\/hu\/wp-json\/wp\/v2\/performer_year?post=386"},{"taxonomy":"featured","embeddable":true,"href":"https:\/\/balkanmost.hu\/hu\/wp-json\/wp\/v2\/featured?post=386"}],"curies":[{"name":"wp","href":"https:\/\/api.w.org\/{rel}","templated":true}]}}

<p><span style="font-weight: 400;">A közös zenei és kulturális gyökerek, a népzene, komolyzene és a jazz organikus ötvözése, és persze az oslói zeneakadémián eltöltött évek hozták létre Almir Meskovic (harmonika) és Daniel Lazar (hegedű) duóját. A végsőkig kiterjesztik hangszereik kifejezőképességét, kalandozva a stílusok között Mozart-tól a balkan beat-ig, a skandináv hagyományt is beemelve.</span></p>

<p>A végsőkig kiterjesztik hangszereik kifejezőképességét, kalandozva a stílusok között Mozart-tól a balkan beat-ig, a skandináv hagyományt is beemelve.</p>
