{"id":382,"date":"2023-05-02T06:28:37","date_gmt":"2023-05-02T06:28:37","guid":{"rendered":"https:\/\/balkanmost.hu\/?post_type=artist&#038;p=382"},"modified":"2023-05-02T06:31:09","modified_gmt":"2023-05-02T06:31:09","slug":"baklava","status":"publish","type":"artist","link":"https:\/\/balkanmost.hu\/hu\/artist\/baklava\/","title":{"rendered":"Baklava"},"content":{"rendered":"<p><span style=\"font-weight: 400;\">Mit adtak nek\u00fcnk a t\u00f6r\u00f6k\u00f6k? \u00cdzeket, dallamokat, sz\u00edneket, inspir\u00e1ci\u00f3t &#8211; amit a szkopjei v\u00e1ndorzen\u00e9szek n\u00e9gy albumba &#8211; id\u00e9n v\u00e1rhat\u00f3 az \u00f6t\u00f6dik &#8211; \u00f6nt\u00f6ttek. A korokon, nyelvi \u00e9s f\u00f6ldrajzi hat\u00e1rokon \u00e1tl\u00e9p\u0151 produkci\u00f3 az alb\u00e1n n\u00e9pdalokt\u00f3l a swing-en kereszt\u00fcl az elektronik\u00e1ig mag\u00e1ba olvaszt minden hat\u00e1st a maced\u00f3n hegyekt\u0151l a Boszporuszig, az eredm\u00e9ny \u00e9des, tartalmas \u00e9s kozmopolita, mint a Baklava.<\/span><\/p>\n","protected":false},"excerpt":{"rendered":"<p>A korokon, nyelvi \u00e9s f\u00f6ldrajzi hat\u00e1rokon \u00e1tl\u00e9p\u0151 produkci\u00f3 az alb\u00e1n n\u00e9pdalokt\u00f3l a swing-en kereszt\u00fcl az elektronik\u00e1ig mag\u00e1ba olvaszt minden hat\u00e1st a maced\u00f3n hegyekt\u0151l a Boszporuszig, az eredm\u00e9ny \u00e9des, tartalmas \u00e9s kozmopolita, mint a Baklava.<\/p>\n","protected":false},"featured_media":128,"template":"","meta":{"_acf_changed":false,"ngg_post_thumbnail":0,"footnotes":""},"performer_year":[],"featured":[],"class_list":["post-382","artist","type-artist","status-publish","has-post-thumbnail","hentry"],"acf":[],"_links":{"self":[{"href":"https:\/\/balkanmost.hu\/hu\/wp-json\/wp\/v2\/artist\/382","targetHints":{"allow":["GET"]}}],"collection":[{"href":"https:\/\/balkanmost.hu\/hu\/wp-json\/wp\/v2\/artist"}],"about":[{"href":"https:\/\/balkanmost.hu\/hu\/wp-json\/wp\/v2\/types\/artist"}],"version-history":[{"count":1,"href":"https:\/\/balkanmost.hu\/hu\/wp-json\/wp\/v2\/artist\/382\/revisions"}],"predecessor-version":[{"id":383,"href":"https:\/\/balkanmost.hu\/hu\/wp-json\/wp\/v2\/artist\/382\/revisions\/383"}],"wp:featuredmedia":[{"embeddable":true,"href":"https:\/\/balkanmost.hu\/hu\/wp-json\/wp\/v2\/media\/128"}],"wp:attachment":[{"href":"https:\/\/balkanmost.hu\/hu\/wp-json\/wp\/v2\/media?parent=382"}],"wp:term":[{"taxonomy":"performer_year","embeddable":true,"href":"https:\/\/balkanmost.hu\/hu\/wp-json\/wp\/v2\/performer_year?post=382"},{"taxonomy":"featured","embeddable":true,"href":"https:\/\/balkanmost.hu\/hu\/wp-json\/wp\/v2\/featured?post=382"}],"curies":[{"name":"wp","href":"https:\/\/api.w.org\/{rel}","templated":true}]}}

<p><span style="font-weight: 400;">Mit adtak nekünk a törökök? Ízeket, dallamokat, színeket, inspirációt &#8211; amit a szkopjei vándorzenészek négy albumba &#8211; idén várható az ötödik &#8211; öntöttek. A korokon, nyelvi és földrajzi határokon átlépő produkció az albán népdaloktól a swing-en keresztül az elektronikáig magába olvaszt minden hatást a macedón hegyektől a Boszporuszig, az eredmény édes, tartalmas és kozmopolita, mint a Baklava.</span></p>

<p>A korokon, nyelvi és földrajzi határokon átlépő produkció az albán népdaloktól a swing-en keresztül az elektronikáig magába olvaszt minden hatást a macedón hegyektől a Boszporuszig, az eredmény édes, tartalmas és kozmopolita, mint a Baklava.</p>
