{"id":377,"date":"2023-05-02T06:22:36","date_gmt":"2023-05-02T06:22:36","guid":{"rendered":"https:\/\/balkanmost.hu\/?post_type=artist&#038;p=377"},"modified":"2023-05-02T06:24:56","modified_gmt":"2023-05-02T06:24:56","slug":"balkalar","status":"publish","type":"artist","link":"https:\/\/balkanmost.hu\/hu\/artist\/balkalar\/","title":{"rendered":"Balkalar"},"content":{"rendered":"<p><span style=\"font-weight: 400;\">Szabads\u00e1g, szerelem, rakija &#8211; ez r\u00f6viden a fiatal z\u00e1gr\u00e1bi zenekar filoz\u00f3fi\u00e1ja. \u00c9nekelve, b\u0151g\u0151n, heged\u0171n, git\u00e1ron \u00e9s dzsemb\u00e9n k\u00f6zvet\u00edtik a n\u00e9pszer\u0171 \u00fczenetet, az eg\u00e9sz Balk\u00e1nt lefed\u0151 reperto\u00e1rral. K\u00f6nnyen t\u00e1ncolhat\u00f3, egy\u00fctt \u00e9nekl\u0151s \u00f6sszbalk\u00e1ni \u00e9let\u00e9rz\u00e9s.<\/span><\/p>\n","protected":false},"excerpt":{"rendered":"<p>Szabads\u00e1g, szerelem, rakija &#8211; ez r\u00f6viden a fiatal z\u00e1gr\u00e1bi zenekar filoz\u00f3fi\u00e1ja. \u00c9nekelve, b\u0151g\u0151n, heged\u0171n, git\u00e1ron \u00e9s dzsemb\u00e9n k\u00f6zvet\u00edtik a n\u00e9pszer\u0171 \u00fczenetet, az eg\u00e9sz Balk\u00e1nt lefed\u0151 reperto\u00e1rral.<\/p>\n","protected":false},"featured_media":232,"template":"","meta":{"_acf_changed":false,"ngg_post_thumbnail":0,"footnotes":""},"performer_year":[],"featured":[],"class_list":["post-377","artist","type-artist","status-publish","has-post-thumbnail","hentry"],"acf":[],"_links":{"self":[{"href":"https:\/\/balkanmost.hu\/hu\/wp-json\/wp\/v2\/artist\/377","targetHints":{"allow":["GET"]}}],"collection":[{"href":"https:\/\/balkanmost.hu\/hu\/wp-json\/wp\/v2\/artist"}],"about":[{"href":"https:\/\/balkanmost.hu\/hu\/wp-json\/wp\/v2\/types\/artist"}],"version-history":[{"count":2,"href":"https:\/\/balkanmost.hu\/hu\/wp-json\/wp\/v2\/artist\/377\/revisions"}],"predecessor-version":[{"id":379,"href":"https:\/\/balkanmost.hu\/hu\/wp-json\/wp\/v2\/artist\/377\/revisions\/379"}],"wp:featuredmedia":[{"embeddable":true,"href":"https:\/\/balkanmost.hu\/hu\/wp-json\/wp\/v2\/media\/232"}],"wp:attachment":[{"href":"https:\/\/balkanmost.hu\/hu\/wp-json\/wp\/v2\/media?parent=377"}],"wp:term":[{"taxonomy":"performer_year","embeddable":true,"href":"https:\/\/balkanmost.hu\/hu\/wp-json\/wp\/v2\/performer_year?post=377"},{"taxonomy":"featured","embeddable":true,"href":"https:\/\/balkanmost.hu\/hu\/wp-json\/wp\/v2\/featured?post=377"}],"curies":[{"name":"wp","href":"https:\/\/api.w.org\/{rel}","templated":true}]}}

<p><span style="font-weight: 400;">Szabadság, szerelem, rakija &#8211; ez röviden a fiatal zágrábi zenekar filozófiája. Énekelve, bőgőn, hegedűn, gitáron és dzsembén közvetítik a népszerű üzenetet, az egész Balkánt lefedő repertoárral. Könnyen táncolható, együtt éneklős összbalkáni életérzés.</span></p>

<p>Szabadság, szerelem, rakija &#8211; ez röviden a fiatal zágrábi zenekar filozófiája. Énekelve, bőgőn, hegedűn, gitáron és dzsembén közvetítik a népszerű üzenetet, az egész Balkánt lefedő repertoárral.</p>
