{"id":368,"date":"2023-05-02T05:31:54","date_gmt":"2023-05-02T05:31:54","guid":{"rendered":"https:\/\/balkanmost.hu\/?post_type=artist&#038;p=368"},"modified":"2023-05-02T06:14:44","modified_gmt":"2023-05-02T06:14:44","slug":"corina-sirghi-si-taraful-jean-americanu","status":"publish","type":"artist","link":"https:\/\/balkanmost.hu\/hu\/artist\/corina-sirghi-si-taraful-jean-americanu\/","title":{"rendered":"Corina S\u00eerghi \u0219i Taraful Jean Americanu"},"content":{"rendered":"<p><span style=\"font-weight: 400;\">Corina S\u00eerghi \u00e9s band\u00e1ja egyszerre id\u00e9zi a 20-as \u00e9s 30-as \u00e9vek Bukarestj\u00e9nek f\u00fclledt \u00e9jszakai \u00e9let\u00e9t \u00e9s a 90-es \u00e9vek ellentmond\u00e1st nem t\u0171r\u0151 mahala bulijait. A zenekart a rom\u00e1n l\u0103utar muzsika ir\u00e1nti rajong\u00e1s h\u00edvta \u00e9letre 2017-ben. K\u00fcldet\u00e9s\u00fck a m\u0171faj f\u00e9nykor\u00e1nak, nagy el\u0151ad\u00f3inak jelenbe \u00fcltet\u00e9se, \u00e9s a b\u00fas sz\u00edvek vigasztal\u00e1sa sok t\u00e1nccal \u00e9s muzsik\u00e1val. <\/span><\/p>\n","protected":false},"excerpt":{"rendered":"<p>Corina S\u00eerghi \u00e9s band\u00e1ja egyszerre id\u00e9zi a 20-as \u00e9s 30-as \u00e9vek Bukarestj\u00e9nek f\u00fclledt \u00e9jszakai \u00e9let\u00e9t \u00e9s a 90-es \u00e9vek ellentmond\u00e1st nem t\u0171r\u0151 mahala bulijait.<\/p>\n","protected":false},"featured_media":134,"template":"","meta":{"_acf_changed":false,"ngg_post_thumbnail":0,"footnotes":""},"performer_year":[],"featured":[],"class_list":["post-368","artist","type-artist","status-publish","has-post-thumbnail","hentry"],"acf":[],"_links":{"self":[{"href":"https:\/\/balkanmost.hu\/hu\/wp-json\/wp\/v2\/artist\/368","targetHints":{"allow":["GET"]}}],"collection":[{"href":"https:\/\/balkanmost.hu\/hu\/wp-json\/wp\/v2\/artist"}],"about":[{"href":"https:\/\/balkanmost.hu\/hu\/wp-json\/wp\/v2\/types\/artist"}],"version-history":[{"count":1,"href":"https:\/\/balkanmost.hu\/hu\/wp-json\/wp\/v2\/artist\/368\/revisions"}],"predecessor-version":[{"id":369,"href":"https:\/\/balkanmost.hu\/hu\/wp-json\/wp\/v2\/artist\/368\/revisions\/369"}],"wp:featuredmedia":[{"embeddable":true,"href":"https:\/\/balkanmost.hu\/hu\/wp-json\/wp\/v2\/media\/134"}],"wp:attachment":[{"href":"https:\/\/balkanmost.hu\/hu\/wp-json\/wp\/v2\/media?parent=368"}],"wp:term":[{"taxonomy":"performer_year","embeddable":true,"href":"https:\/\/balkanmost.hu\/hu\/wp-json\/wp\/v2\/performer_year?post=368"},{"taxonomy":"featured","embeddable":true,"href":"https:\/\/balkanmost.hu\/hu\/wp-json\/wp\/v2\/featured?post=368"}],"curies":[{"name":"wp","href":"https:\/\/api.w.org\/{rel}","templated":true}]}}

Corina Sîrghi și Taraful Jean Americanu

<p><span style="font-weight: 400;">Corina Sîrghi és bandája egyszerre idézi a 20-as és 30-as évek Bukarestjének fülledt éjszakai életét és a 90-es évek ellentmondást nem tűrő mahala bulijait. A zenekart a román lăutar muzsika iránti rajongás hívta életre 2017-ben. Küldetésük a műfaj fénykorának, nagy előadóinak jelenbe ültetése, és a bús szívek vigasztalása sok tánccal és muzsikával. </span></p>

<p>Corina Sîrghi és bandája egyszerre idézi a 20-as és 30-as évek Bukarestjének fülledt éjszakai életét és a 90-es évek ellentmondást nem tűrő mahala bulijait.</p>
