{"id":358,"date":"2023-05-02T05:16:23","date_gmt":"2023-05-02T05:16:23","guid":{"rendered":"https:\/\/balkanmost.hu\/?post_type=artist&#038;p=358"},"modified":"2023-05-02T05:21:11","modified_gmt":"2023-05-02T05:21:11","slug":"dina-e-mel","status":"publish","type":"artist","link":"https:\/\/balkanmost.hu\/hu\/artist\/dina-e-mel\/","title":{"rendered":"Dina e Mel"},"content":{"rendered":"<p><span style=\"font-weight: 400;\">Montenegr\u00f3 hegyeit\u0151l a velencei k\u00f6zt\u00e1rsas\u00e1ghoz tartoz\u00f3 Z\u00e1ra v\u00e1ros\u00e1ig tartott az Arbesh (italo-alb\u00e1n) kisebbs\u00e9g \u00fatja, amit n\u00e9ha sz\u00edvszor\u00edt\u00f3, n\u00e9ha napf\u00e9nyes dalaik \u0151riznek. A Dina \u00e9s Mel du\u00f3 ezeket a dalokat, egy kis k\u00f6z\u00f6ss\u00e9g zen\u00e9ben \u0151rz\u00f6tt t\u00f6rt\u00e9nelm\u00e9t kutatja \u00e9s sz\u00f3laltatja meg egyszer\u0171, de ann\u00e1l megkap\u00f3bb eszk\u00f6z\u00f6kkel. Akusztikus hangz\u00e1s, \u00e9nek \u00e9s git\u00e1r, k\u00f6nnyek \u00e9s t\u00e1nc fogj\u00e1k k\u00f6zre a t\u00e9rs\u00e9g eml\u00e9kezet\u00e9nek egy szelet\u00e9t.<\/span><\/p>\n","protected":false},"excerpt":{"rendered":"<p>Montenegr\u00f3 hegyeit\u0151l a velencei k\u00f6zt\u00e1rsas\u00e1ghoz tartoz\u00f3 Z\u00e1ra v\u00e1ros\u00e1ig tartott az Arbesh (italo-alb\u00e1n) kisebbs\u00e9g \u00fatja. A Dina \u00e9s Mel du\u00f3 az \u0151 dalaikat kutatja \u00e9s sz\u00f3laltatja meg egyszer\u0171, de ann\u00e1l megkap\u00f3bb eszk\u00f6z\u00f6kkel.<\/p>\n","protected":false},"featured_media":135,"template":"","meta":{"_acf_changed":false,"ngg_post_thumbnail":0,"footnotes":""},"performer_year":[],"featured":[],"class_list":["post-358","artist","type-artist","status-publish","has-post-thumbnail","hentry"],"acf":[],"_links":{"self":[{"href":"https:\/\/balkanmost.hu\/hu\/wp-json\/wp\/v2\/artist\/358","targetHints":{"allow":["GET"]}}],"collection":[{"href":"https:\/\/balkanmost.hu\/hu\/wp-json\/wp\/v2\/artist"}],"about":[{"href":"https:\/\/balkanmost.hu\/hu\/wp-json\/wp\/v2\/types\/artist"}],"version-history":[{"count":1,"href":"https:\/\/balkanmost.hu\/hu\/wp-json\/wp\/v2\/artist\/358\/revisions"}],"predecessor-version":[{"id":361,"href":"https:\/\/balkanmost.hu\/hu\/wp-json\/wp\/v2\/artist\/358\/revisions\/361"}],"wp:featuredmedia":[{"embeddable":true,"href":"https:\/\/balkanmost.hu\/hu\/wp-json\/wp\/v2\/media\/135"}],"wp:attachment":[{"href":"https:\/\/balkanmost.hu\/hu\/wp-json\/wp\/v2\/media?parent=358"}],"wp:term":[{"taxonomy":"performer_year","embeddable":true,"href":"https:\/\/balkanmost.hu\/hu\/wp-json\/wp\/v2\/performer_year?post=358"},{"taxonomy":"featured","embeddable":true,"href":"https:\/\/balkanmost.hu\/hu\/wp-json\/wp\/v2\/featured?post=358"}],"curies":[{"name":"wp","href":"https:\/\/api.w.org\/{rel}","templated":true}]}}

<p><span style="font-weight: 400;">Montenegró hegyeitől a velencei köztársasághoz tartozó Zára városáig tartott az Arbesh (italo-albán) kisebbség útja, amit néha szívszorító, néha napfényes dalaik őriznek. A Dina és Mel duó ezeket a dalokat, egy kis közösség zenében őrzött történelmét kutatja és szólaltatja meg egyszerű, de annál megkapóbb eszközökkel. Akusztikus hangzás, ének és gitár, könnyek és tánc fogják közre a térség emlékezetének egy szeletét.</span></p>

<p>Montenegró hegyeitől a velencei köztársasághoz tartozó Zára városáig tartott az Arbesh (italo-albán) kisebbség útja. A Dina és Mel duó az ő dalaikat kutatja és szólaltatja meg egyszerű, de annál megkapóbb eszközökkel.</p>
