{"id":344,"date":"2023-04-28T09:02:43","date_gmt":"2023-04-28T09:02:43","guid":{"rendered":"https:\/\/balkanmost.hu\/?post_type=artist&#038;p=344"},"modified":"2023-04-28T09:05:48","modified_gmt":"2023-04-28T09:05:48","slug":"dunjaluk","status":"publish","type":"artist","link":"https:\/\/balkanmost.hu\/hu\/artist\/dunjaluk\/","title":{"rendered":"Dunjaluk"},"content":{"rendered":"<p><span style=\"font-weight: 400;\">A Dunjaluk lecsupasz\u00edtja \u00e9s \u00fajrakeveri a sevdah m\u0171faj\u00e1t: a rock nyersess\u00e9g\u00e9t \u00e9s a jazz kifinomults\u00e1g\u00e1t adj\u00e1k a hagyom\u00e1nyos form\u00e1khoz. Az alapvet\u0151en melankolikus sevdah \u00edgy lesz friss, zsigeri \u00e9s relev\u00e1ns a mai k\u00f6z\u00f6ns\u00e9gnek is.<\/span><\/p>\n","protected":false},"excerpt":{"rendered":"<p>A Dunjaluk lecsupasz\u00edtja \u00e9s \u00fajrakeveri a sevdah m\u0171faj\u00e1t: a rock nyersess\u00e9g\u00e9t \u00e9s a jazz kifinomults\u00e1g\u00e1t adj\u00e1k a hagyom\u00e1nyos form\u00e1khoz.<\/p>\n","protected":false},"featured_media":142,"template":"","meta":{"_acf_changed":false,"ngg_post_thumbnail":0,"footnotes":""},"performer_year":[],"featured":[],"class_list":["post-344","artist","type-artist","status-publish","has-post-thumbnail","hentry"],"acf":[],"_links":{"self":[{"href":"https:\/\/balkanmost.hu\/hu\/wp-json\/wp\/v2\/artist\/344","targetHints":{"allow":["GET"]}}],"collection":[{"href":"https:\/\/balkanmost.hu\/hu\/wp-json\/wp\/v2\/artist"}],"about":[{"href":"https:\/\/balkanmost.hu\/hu\/wp-json\/wp\/v2\/types\/artist"}],"version-history":[{"count":1,"href":"https:\/\/balkanmost.hu\/hu\/wp-json\/wp\/v2\/artist\/344\/revisions"}],"predecessor-version":[{"id":348,"href":"https:\/\/balkanmost.hu\/hu\/wp-json\/wp\/v2\/artist\/344\/revisions\/348"}],"wp:featuredmedia":[{"embeddable":true,"href":"https:\/\/balkanmost.hu\/hu\/wp-json\/wp\/v2\/media\/142"}],"wp:attachment":[{"href":"https:\/\/balkanmost.hu\/hu\/wp-json\/wp\/v2\/media?parent=344"}],"wp:term":[{"taxonomy":"performer_year","embeddable":true,"href":"https:\/\/balkanmost.hu\/hu\/wp-json\/wp\/v2\/performer_year?post=344"},{"taxonomy":"featured","embeddable":true,"href":"https:\/\/balkanmost.hu\/hu\/wp-json\/wp\/v2\/featured?post=344"}],"curies":[{"name":"wp","href":"https:\/\/api.w.org\/{rel}","templated":true}]}}

<p><span style="font-weight: 400;">A Dunjaluk lecsupaszítja és újrakeveri a sevdah műfaját: a rock nyersességét és a jazz kifinomultságát adják a hagyományos formákhoz. Az alapvetően melankolikus sevdah így lesz friss, zsigeri és releváns a mai közönségnek is.</span></p>

<p>A Dunjaluk lecsupaszítja és újrakeveri a sevdah műfaját: a rock nyersességét és a jazz kifinomultságát adják a hagyományos formákhoz.</p>
