{"id":332,"date":"2023-04-28T08:35:28","date_gmt":"2023-04-28T08:35:28","guid":{"rendered":"https:\/\/balkanmost.hu\/?post_type=artist&#038;p=332"},"modified":"2023-04-28T08:37:10","modified_gmt":"2023-04-28T08:37:10","slug":"kalata","status":"publish","type":"artist","link":"https:\/\/balkanmost.hu\/hu\/artist\/kalata\/","title":{"rendered":"Kalata"},"content":{"rendered":"<p><span style=\"font-weight: 400;\">A Kalata szofisztik\u00e1lt hangz\u00e1sa a maked\u00f3n hagyom\u00e1nyb\u00f3l mer\u00edt, hogy azt\u00e1n szabadon sz\u0151je tov\u00e1bb jazzes, finoman l\u00fcktet\u0151 soundscape-ekk\u00e9. A 2018-ban\u00a0 Simeon Angelovski Sholle vezet\u00e9s\u00e9vel ind\u00edtott egy\u00fcttes du\u00f3b\u00f3l kilenc f\u0151sre n\u0151tte ki mag\u00e1t, ezzel ar\u00e1nyosan t\u00e1g\u00edtva a hat\u00e1sok \u00e9s improviz\u00e1ci\u00f3k horizontj\u00e1t. A Kalata kifinomult, ihletett tal\u00e1lkoz\u00e1s a maked\u00f3n gy\u00f6kerekkel.<\/span><\/p>\n","protected":false},"excerpt":{"rendered":"<p>A Kalata szofisztik\u00e1lt hangz\u00e1sa a maked\u00f3n hagyom\u00e1nyb\u00f3l mer\u00edt, hogy azt\u00e1n szabadon sz\u0151je tov\u00e1bb jazzes, finoman l\u00fcktet\u0151 soundscape-ekk\u00e9.<\/p>\n","protected":false},"featured_media":160,"template":"","meta":{"_acf_changed":false,"ngg_post_thumbnail":0,"footnotes":""},"performer_year":[],"featured":[],"class_list":["post-332","artist","type-artist","status-publish","has-post-thumbnail","hentry"],"acf":[],"_links":{"self":[{"href":"https:\/\/balkanmost.hu\/hu\/wp-json\/wp\/v2\/artist\/332","targetHints":{"allow":["GET"]}}],"collection":[{"href":"https:\/\/balkanmost.hu\/hu\/wp-json\/wp\/v2\/artist"}],"about":[{"href":"https:\/\/balkanmost.hu\/hu\/wp-json\/wp\/v2\/types\/artist"}],"version-history":[{"count":1,"href":"https:\/\/balkanmost.hu\/hu\/wp-json\/wp\/v2\/artist\/332\/revisions"}],"predecessor-version":[{"id":333,"href":"https:\/\/balkanmost.hu\/hu\/wp-json\/wp\/v2\/artist\/332\/revisions\/333"}],"wp:featuredmedia":[{"embeddable":true,"href":"https:\/\/balkanmost.hu\/hu\/wp-json\/wp\/v2\/media\/160"}],"wp:attachment":[{"href":"https:\/\/balkanmost.hu\/hu\/wp-json\/wp\/v2\/media?parent=332"}],"wp:term":[{"taxonomy":"performer_year","embeddable":true,"href":"https:\/\/balkanmost.hu\/hu\/wp-json\/wp\/v2\/performer_year?post=332"},{"taxonomy":"featured","embeddable":true,"href":"https:\/\/balkanmost.hu\/hu\/wp-json\/wp\/v2\/featured?post=332"}],"curies":[{"name":"wp","href":"https:\/\/api.w.org\/{rel}","templated":true}]}}

<p><span style="font-weight: 400;">A Kalata szofisztikált hangzása a makedón hagyományból merít, hogy aztán szabadon szője tovább jazzes, finoman lüktető soundscape-ekké. A 2018-ban  Simeon Angelovski Sholle vezetésével indított együttes duóból kilenc fősre nőtte ki magát, ezzel arányosan tágítva a hatások és improvizációk horizontját. A Kalata kifinomult, ihletett találkozás a makedón gyökerekkel.</span></p>

<p>A Kalata szofisztikált hangzása a makedón hagyományból merít, hogy aztán szabadon szője tovább jazzes, finoman lüktető soundscape-ekké.</p>
