{"id":309,"date":"2023-04-28T06:54:16","date_gmt":"2023-04-28T06:54:16","guid":{"rendered":"https:\/\/balkanmost.hu\/?post_type=artist&#038;p=309"},"modified":"2023-04-28T06:56:20","modified_gmt":"2023-04-28T06:56:20","slug":"perija","status":"publish","type":"artist","link":"https:\/\/balkanmost.hu\/hu\/artist\/perija\/","title":{"rendered":"Perija"},"content":{"rendered":"<p><span style=\"font-weight: 400;\">Pog\u00e1ny folk az erd\u0151k m\u00e9ly\u00e9r\u0151l, \u00e9s messzi t\u00e1jakr\u00f3l \u00c9szak-Afrik\u00e1t\u00f3l Indi\u00e1ig. Az \u00c9szak-maced\u00f3n Perija (a t\u00f6r\u00f6k eredet\u0171 sz\u00f3 jelent\u00e9se: t\u00fcnd\u00e9r) zeneje karak\u00e1n statement \u00e9s zenei olvaszt\u00f3t\u00e9gely, amelyben a mak\u00e1m, a rag\u00e1k, balk\u00e1ni folk, jazz \u00e9s post-punk tal\u00e1lkozik. A t\u00fcntet\u0151 soksz\u00edn\u0171s\u00e9g ott van a dalok sz\u00f6vegeiben is: a Balk\u00e1n nyelvei \u00e9s hagyom\u00e1nyai itt egyenrang\u00faak. V\u00e9res ballad\u00e1k, zsigeri k\u00f6lt\u00e9szet, groteszk \u00fajs\u00e1gh\u00edrek \u0151si hangszerekkel (oud, tambur\u00e1k, c\u00fcmb\u00fc\u015f sas \u00e9s dobok) ritualiz\u00e1lva.<\/span><\/p>\n","protected":false},"excerpt":{"rendered":"<p>Az \u00c9szak-maced\u00f3n Perija (a t\u00f6r\u00f6k eredet\u0171 sz\u00f3 jelent\u00e9se: t\u00fcnd\u00e9r) zeneje karak\u00e1n statement \u00e9s zenei olvaszt\u00f3t\u00e9gely, amelyben a mak\u00e1m, a rag\u00e1k, balk\u00e1ni folk, jazz \u00e9s post-punk tal\u00e1lkozik.<\/p>\n","protected":false},"featured_media":169,"template":"","meta":{"_acf_changed":false,"ngg_post_thumbnail":0,"footnotes":""},"performer_year":[],"featured":[],"class_list":["post-309","artist","type-artist","status-publish","has-post-thumbnail","hentry"],"acf":[],"_links":{"self":[{"href":"https:\/\/balkanmost.hu\/hu\/wp-json\/wp\/v2\/artist\/309","targetHints":{"allow":["GET"]}}],"collection":[{"href":"https:\/\/balkanmost.hu\/hu\/wp-json\/wp\/v2\/artist"}],"about":[{"href":"https:\/\/balkanmost.hu\/hu\/wp-json\/wp\/v2\/types\/artist"}],"version-history":[{"count":1,"href":"https:\/\/balkanmost.hu\/hu\/wp-json\/wp\/v2\/artist\/309\/revisions"}],"predecessor-version":[{"id":310,"href":"https:\/\/balkanmost.hu\/hu\/wp-json\/wp\/v2\/artist\/309\/revisions\/310"}],"wp:featuredmedia":[{"embeddable":true,"href":"https:\/\/balkanmost.hu\/hu\/wp-json\/wp\/v2\/media\/169"}],"wp:attachment":[{"href":"https:\/\/balkanmost.hu\/hu\/wp-json\/wp\/v2\/media?parent=309"}],"wp:term":[{"taxonomy":"performer_year","embeddable":true,"href":"https:\/\/balkanmost.hu\/hu\/wp-json\/wp\/v2\/performer_year?post=309"},{"taxonomy":"featured","embeddable":true,"href":"https:\/\/balkanmost.hu\/hu\/wp-json\/wp\/v2\/featured?post=309"}],"curies":[{"name":"wp","href":"https:\/\/api.w.org\/{rel}","templated":true}]}}

<p><span style="font-weight: 400;">Pogány folk az erdők mélyéről, és messzi tájakról Észak-Afrikától Indiáig. Az Észak-macedón Perija (a török eredetű szó jelentése: tündér) zeneje karakán statement és zenei olvasztótégely, amelyben a makám, a ragák, balkáni folk, jazz és post-punk találkozik. A tüntető sokszínűség ott van a dalok szövegeiben is: a Balkán nyelvei és hagyományai itt egyenrangúak. Véres balladák, zsigeri költészet, groteszk újsághírek ősi hangszerekkel (oud, tamburák, cümbüş sas és dobok) ritualizálva.</span></p>

<p>Az Észak-macedón Perija (a török eredetű szó jelentése: tündér) zeneje karakán statement és zenei olvasztótégely, amelyben a makám, a ragák, balkáni folk, jazz és post-punk találkozik.</p>
