{"id":305,"date":"2023-04-28T06:38:00","date_gmt":"2023-04-28T04:38:00","guid":{"rendered":"https:\/\/balkanmost.hu\/?post_type=artist&#038;p=305"},"modified":"2023-05-02T10:34:45","modified_gmt":"2023-05-02T08:34:45","slug":"pjev","status":"publish","type":"artist","link":"https:\/\/balkanmost.hu\/hu\/artist\/pjev\/","title":{"rendered":"PJEV"},"content":{"rendered":"<p><span style=\"font-weight: 400;\">\u00d6t n\u0151i hang, akik szerb, horv\u00e1t \u00e9s bosny\u00e1k n\u00e9pdalokat \u00e9nekelnek. A z\u00e1gr\u00e1bi a cappella form\u00e1ci\u00f3 a paraszti kult\u00fara egyszer\u0171 erej\u00e9t, a vok\u00e1lis hagyom\u00e1nyok sz\u00e9ps\u00e9g\u00e9t adja tov\u00e1bb. Egy\u00fcttm\u0171k\u00f6d\u00e9sekben \u00e9s \u00f6n\u00e1ll\u00f3 produkci\u00f3k\u00e9nt is a hat\u00e1rokat fel\u00fcl\u00edr\u00f3 n\u00e9pi trad\u00edci\u00f3t k\u00e9pviselik.<\/span><\/p>\n","protected":false},"excerpt":{"rendered":"<p>\u00d6t n\u0151i hang, akik szerb, horv\u00e1t \u00e9s bosny\u00e1k n\u00e9pdalokat \u00e9nekelnek. A z\u00e1gr\u00e1bi a cappella form\u00e1ci\u00f3 a paraszti kult\u00fara egyszer\u0171 erej\u00e9t, a vok\u00e1lis hagyom\u00e1nyok sz\u00e9ps\u00e9g\u00e9t adja tov\u00e1bb.<\/p>\n","protected":false},"featured_media":485,"template":"","meta":{"_acf_changed":false,"ngg_post_thumbnail":0,"footnotes":""},"performer_year":[],"featured":[],"class_list":["post-305","artist","type-artist","status-publish","has-post-thumbnail","hentry"],"acf":[],"_links":{"self":[{"href":"https:\/\/balkanmost.hu\/hu\/wp-json\/wp\/v2\/artist\/305","targetHints":{"allow":["GET"]}}],"collection":[{"href":"https:\/\/balkanmost.hu\/hu\/wp-json\/wp\/v2\/artist"}],"about":[{"href":"https:\/\/balkanmost.hu\/hu\/wp-json\/wp\/v2\/types\/artist"}],"version-history":[{"count":1,"href":"https:\/\/balkanmost.hu\/hu\/wp-json\/wp\/v2\/artist\/305\/revisions"}],"predecessor-version":[{"id":306,"href":"https:\/\/balkanmost.hu\/hu\/wp-json\/wp\/v2\/artist\/305\/revisions\/306"}],"wp:featuredmedia":[{"embeddable":true,"href":"https:\/\/balkanmost.hu\/hu\/wp-json\/wp\/v2\/media\/485"}],"wp:attachment":[{"href":"https:\/\/balkanmost.hu\/hu\/wp-json\/wp\/v2\/media?parent=305"}],"wp:term":[{"taxonomy":"performer_year","embeddable":true,"href":"https:\/\/balkanmost.hu\/hu\/wp-json\/wp\/v2\/performer_year?post=305"},{"taxonomy":"featured","embeddable":true,"href":"https:\/\/balkanmost.hu\/hu\/wp-json\/wp\/v2\/featured?post=305"}],"curies":[{"name":"wp","href":"https:\/\/api.w.org\/{rel}","templated":true}]}}

<p><span style="font-weight: 400;">Öt női hang, akik szerb, horvát és bosnyák népdalokat énekelnek. A zágrábi a cappella formáció a paraszti kultúra egyszerű erejét, a vokális hagyományok szépségét adja tovább. Együttműködésekben és önálló produkcióként is a határokat felülíró népi tradíciót képviselik.</span></p>

<p>Öt női hang, akik szerb, horvát és bosnyák népdalokat énekelnek. A zágrábi a cappella formáció a paraszti kultúra egyszerű erejét, a vokális hagyományok szépségét adja tovább.</p>
