{"id":281,"date":"2023-04-28T05:33:06","date_gmt":"2023-04-28T05:33:06","guid":{"rendered":"https:\/\/balkanmost.hu\/?post_type=artist&#038;p=281"},"modified":"2023-04-28T05:36:26","modified_gmt":"2023-04-28T05:36:26","slug":"the-zarina-prvasevda-ensemble","status":"publish","type":"artist","link":"https:\/\/balkanmost.hu\/hu\/artist\/the-zarina-prvasevda-ensemble\/","title":{"rendered":"The Zarina Prvasevda Ensemble"},"content":{"rendered":"<p><span style=\"font-weight: 400;\">A gy\u00f6ny\u00f6r\u0171 \u00e9nekhang k\u00f6r\u00fcl kibomlik a maced\u00f3n hagyom\u00e1ny, \u00e9s az azt k\u00f6r\u00fcl\u00f6lel\u0151 term\u00e9szet. Zarina zen\u00e9je megannyi egy\u00fcttm\u0171k\u00f6d\u00e9s, filmprojekt \u00e9s hat\u00e1r\u00e1tl\u00e9p\u00e9s ut\u00e1n is tiszt\u00e1n hordozza a n\u00e9pdalok sz\u00e9ps\u00e9g\u00e9t. Tavaly megjelent deb\u00fct\u00e1l\u00f3 albuma (EHO) t\u00fckr\u00f6zi a \u201ctiszta forr\u00e1s\u201d mell\u00e9 t\u00e1rsul\u00f3 m\u0171v\u00e9szi nyitotts\u00e1got: 11 n\u00e9pdal, n\u00e9gy nyelven, vend\u00e9gm\u0171v\u00e9szek sor\u00e1val el\u0151adva helyezi az anyagot a vil\u00e1gzene nemzetk\u00f6zi t\u00e9rk\u00e9p\u00e9re.<\/span><\/p>\n","protected":false},"excerpt":{"rendered":"<p>A gy\u00f6ny\u00f6r\u0171 \u00e9nekhang k\u00f6r\u00fcl kibomlik a maced\u00f3n hagyom\u00e1ny, \u00e9s az azt k\u00f6r\u00fcl\u00f6lel\u0151 term\u00e9szet.<\/p>\n","protected":false},"featured_media":156,"template":"","meta":{"_acf_changed":false,"ngg_post_thumbnail":0,"footnotes":""},"performer_year":[],"featured":[],"class_list":["post-281","artist","type-artist","status-publish","has-post-thumbnail","hentry"],"acf":[],"_links":{"self":[{"href":"https:\/\/balkanmost.hu\/hu\/wp-json\/wp\/v2\/artist\/281","targetHints":{"allow":["GET"]}}],"collection":[{"href":"https:\/\/balkanmost.hu\/hu\/wp-json\/wp\/v2\/artist"}],"about":[{"href":"https:\/\/balkanmost.hu\/hu\/wp-json\/wp\/v2\/types\/artist"}],"version-history":[{"count":3,"href":"https:\/\/balkanmost.hu\/hu\/wp-json\/wp\/v2\/artist\/281\/revisions"}],"predecessor-version":[{"id":285,"href":"https:\/\/balkanmost.hu\/hu\/wp-json\/wp\/v2\/artist\/281\/revisions\/285"}],"wp:featuredmedia":[{"embeddable":true,"href":"https:\/\/balkanmost.hu\/hu\/wp-json\/wp\/v2\/media\/156"}],"wp:attachment":[{"href":"https:\/\/balkanmost.hu\/hu\/wp-json\/wp\/v2\/media?parent=281"}],"wp:term":[{"taxonomy":"performer_year","embeddable":true,"href":"https:\/\/balkanmost.hu\/hu\/wp-json\/wp\/v2\/performer_year?post=281"},{"taxonomy":"featured","embeddable":true,"href":"https:\/\/balkanmost.hu\/hu\/wp-json\/wp\/v2\/featured?post=281"}],"curies":[{"name":"wp","href":"https:\/\/api.w.org\/{rel}","templated":true}]}}

<p><span style="font-weight: 400;">A gyönyörű énekhang körül kibomlik a macedón hagyomány, és az azt körülölelő természet. Zarina zenéje megannyi együttműködés, filmprojekt és határátlépés után is tisztán hordozza a népdalok szépségét. Tavaly megjelent debütáló albuma (EHO) tükrözi a “tiszta forrás” mellé társuló művészi nyitottságot: 11 népdal, négy nyelven, vendégművészek sorával előadva helyezi az anyagot a világzene nemzetközi térképére.</span></p>

<p>A gyönyörű énekhang körül kibomlik a macedón hagyomány, és az azt körülölelő természet.</p>
