{"id":279,"date":"2023-04-28T05:11:37","date_gmt":"2023-04-28T05:11:37","guid":{"rendered":"https:\/\/balkanmost.hu\/?post_type=artist&#038;p=279"},"modified":"2023-04-28T05:21:46","modified_gmt":"2023-04-28T05:21:46","slug":"vladimir","status":"publish","type":"artist","link":"https:\/\/balkanmost.hu\/hu\/artist\/vladimir\/","title":{"rendered":"Vladimir"},"content":{"rendered":"<p><span style=\"font-weight: 400;\">A Vladimir Mi\u0107kovi\u0107 hangj\u00e1n, az \u00f6nmag\u00e1ban is zenei ladino nyelven megsz\u00f3lal\u00f3 szef\u00e1rd hagyom\u00e1ny k\u00f6r\u00e9 \u00e9p\u00fclt \u00f6t f\u0151s zenekar. A tradicion\u00e1lis dalok t\u00fckr\u00f6zik mindazt a hat\u00e1st, ami Andal\u00fazi\u00e1t\u00f3l a Balk\u00e1nig \u00e9rte a k\u00f6z\u00f6ss\u00e9get, a Holocaust kit\u00f6r\u00f6lhetetlen nyom\u00e1t \u00e9s az elpuszt\u00edthatatlan \u00e9lni akar\u00e1st. Mi\u0107kovi\u0107 hangj\u00e1ban ott remeg gener\u00e1ci\u00f3k szenved\u00e9lye \u00e9s szenved\u00e9se, a sevdah finom melank\u00f3li\u00e1ja, az ib\u00e9riai \u00e9s balk\u00e1n-f\u00e9lszigetek viharos sorsa.<\/span><\/p>\n","protected":false},"excerpt":{"rendered":"<p>Vladimir hangj\u00e1ban ott remeg gener\u00e1ci\u00f3k szenved\u00e9lye \u00e9s szenved\u00e9se, a sevdah finom melank\u00f3li\u00e1ja, az ib\u00e9riai \u00e9s balk\u00e1n-f\u00e9lszigetek viharos sorsa.<\/p>\n","protected":false},"featured_media":178,"template":"","meta":{"_acf_changed":false,"ngg_post_thumbnail":0,"footnotes":""},"performer_year":[],"featured":[],"class_list":["post-279","artist","type-artist","status-publish","has-post-thumbnail","hentry"],"acf":[],"_links":{"self":[{"href":"https:\/\/balkanmost.hu\/hu\/wp-json\/wp\/v2\/artist\/279","targetHints":{"allow":["GET"]}}],"collection":[{"href":"https:\/\/balkanmost.hu\/hu\/wp-json\/wp\/v2\/artist"}],"about":[{"href":"https:\/\/balkanmost.hu\/hu\/wp-json\/wp\/v2\/types\/artist"}],"version-history":[{"count":1,"href":"https:\/\/balkanmost.hu\/hu\/wp-json\/wp\/v2\/artist\/279\/revisions"}],"predecessor-version":[{"id":280,"href":"https:\/\/balkanmost.hu\/hu\/wp-json\/wp\/v2\/artist\/279\/revisions\/280"}],"wp:featuredmedia":[{"embeddable":true,"href":"https:\/\/balkanmost.hu\/hu\/wp-json\/wp\/v2\/media\/178"}],"wp:attachment":[{"href":"https:\/\/balkanmost.hu\/hu\/wp-json\/wp\/v2\/media?parent=279"}],"wp:term":[{"taxonomy":"performer_year","embeddable":true,"href":"https:\/\/balkanmost.hu\/hu\/wp-json\/wp\/v2\/performer_year?post=279"},{"taxonomy":"featured","embeddable":true,"href":"https:\/\/balkanmost.hu\/hu\/wp-json\/wp\/v2\/featured?post=279"}],"curies":[{"name":"wp","href":"https:\/\/api.w.org\/{rel}","templated":true}]}}

<p><span style="font-weight: 400;">A Vladimir Mićković hangján, az önmagában is zenei ladino nyelven megszólaló szefárd hagyomány köré épült öt fős zenekar. A tradicionális dalok tükrözik mindazt a hatást, ami Andalúziától a Balkánig érte a közösséget, a Holocaust kitörölhetetlen nyomát és az elpusztíthatatlan élni akarást. Mićković hangjában ott remeg generációk szenvedélye és szenvedése, a sevdah finom melankóliája, az ibériai és balkán-félszigetek viharos sorsa.</span></p>

<p>Vladimir hangjában ott remeg generációk szenvedélye és szenvedése, a sevdah finom melankóliája, az ibériai és balkán-félszigetek viharos sorsa.</p>
