{"id":271,"date":"2023-05-02T09:19:36","date_gmt":"2023-05-02T07:19:36","guid":{"rendered":"https:\/\/balkanmost.hu\/?post_type=artist&#038;p=271"},"modified":"2023-07-24T16:51:34","modified_gmt":"2023-07-24T14:51:34","slug":"271","status":"publish","type":"artist","link":"https:\/\/balkanmost.hu\/hu\/artist\/271\/","title":{"rendered":"Barcelona Gipsy balKan Orchestra"},"content":{"rendered":"<p><span style=\"font-weight: 300;\">Egy nemzetk\u00f6zi Roma eml\u00e9knapon verbuv\u00e1l\u00f3dott a zenekar, Barcelon\u00e1ban, 2012-ben &#8211; az\u00f3ta t\u00f6retlen lend\u00fclettel \u00f6tv\u00f6zik a kelet-eur\u00f3pai, szerb, t\u00f6r\u00f6k \u00e9s cig\u00e1ny zenei nyelveket. 4 orsz\u00e1gb\u00f3l 7 zen\u00e9sz \u00e9rkezik, hogy virtu\u00f3z cig\u00e1ny, klezmer \u00e9s balk\u00e1nzenei mix\u00fcket a fesztiv\u00e1lon is megmutass\u00e1k!<\/span><\/p>\n","protected":false},"excerpt":{"rendered":"<p>Egy nemzetk\u00f6zi Roma eml\u00e9knapon verbuv\u00e1l\u00f3dott a zenekar, Barcelon\u00e1ban, 2012-ben &#8211; az\u00f3ta t\u00f6retlen lend\u00fclettel \u00f6tv\u00f6zik a kelet-eur\u00f3pai, jiddis, szerb, t\u00f6r\u00f6k \u00e9s cig\u00e1ny zenei nyelveket.<\/p>\n","protected":false},"featured_media":266,"template":"","meta":{"_acf_changed":false,"ngg_post_thumbnail":0,"footnotes":""},"performer_year":[],"featured":[19],"class_list":["post-271","artist","type-artist","status-publish","has-post-thumbnail","hentry","featured-igen-hu"],"acf":[],"_links":{"self":[{"href":"https:\/\/balkanmost.hu\/hu\/wp-json\/wp\/v2\/artist\/271","targetHints":{"allow":["GET"]}}],"collection":[{"href":"https:\/\/balkanmost.hu\/hu\/wp-json\/wp\/v2\/artist"}],"about":[{"href":"https:\/\/balkanmost.hu\/hu\/wp-json\/wp\/v2\/types\/artist"}],"version-history":[{"count":5,"href":"https:\/\/balkanmost.hu\/hu\/wp-json\/wp\/v2\/artist\/271\/revisions"}],"predecessor-version":[{"id":1442,"href":"https:\/\/balkanmost.hu\/hu\/wp-json\/wp\/v2\/artist\/271\/revisions\/1442"}],"wp:featuredmedia":[{"embeddable":true,"href":"https:\/\/balkanmost.hu\/hu\/wp-json\/wp\/v2\/media\/266"}],"wp:attachment":[{"href":"https:\/\/balkanmost.hu\/hu\/wp-json\/wp\/v2\/media?parent=271"}],"wp:term":[{"taxonomy":"performer_year","embeddable":true,"href":"https:\/\/balkanmost.hu\/hu\/wp-json\/wp\/v2\/performer_year?post=271"},{"taxonomy":"featured","embeddable":true,"href":"https:\/\/balkanmost.hu\/hu\/wp-json\/wp\/v2\/featured?post=271"}],"curies":[{"name":"wp","href":"https:\/\/api.w.org\/{rel}","templated":true}]}}

<p><span style="font-weight: 300;">Egy nemzetközi Roma emléknapon verbuválódott a zenekar, Barcelonában, 2012-ben &#8211; azóta töretlen lendülettel ötvözik a kelet-európai, szerb, török és cigány zenei nyelveket. 4 országból 7 zenész érkezik, hogy virtuóz cigány, klezmer és balkánzenei mixüket a fesztiválon is megmutassák!</span></p>

<p>Egy nemzetközi Roma emléknapon verbuválódott a zenekar, Barcelonában, 2012-ben &#8211; azóta töretlen lendülettel ötvözik a kelet-európai, jiddis, szerb, török és cigány zenei nyelveket.</p>
