{"id":1996,"date":"2023-09-05T09:22:05","date_gmt":"2023-09-05T07:22:05","guid":{"rendered":"https:\/\/balkanmost.hu\/artist\/e-u-e-r-p-i\/"},"modified":"2023-09-05T09:26:15","modified_gmt":"2023-09-05T07:26:15","slug":"e-u-e-r-p-i","status":"publish","type":"artist","link":"https:\/\/balkanmost.hu\/hu\/artist\/e-u-e-r-p-i\/","title":{"rendered":"E.U.E.R.P.I."},"content":{"rendered":"<p>Mirian Kolev ambient drone projektje minimalista \u00e9s meditat\u00edv, n\u00e9hol felbukkan\u00f3 pszichdelikus kanyarokkal &#8211; ak\u00e1r a kompon\u00e1l\u00e1s helysz\u00edne, a Balk\u00e1n hegys\u00e9g. Sz\u00edvesen p\u00f6ty\u00f6gtet improvizat\u00edv elemeket a t\u00e9rid\u0151 kontinuumba fell\u00e9p\u00e9sei sor\u00e1n, multidiszciplin\u00e1ris projektekkel t\u00e1g\u00edtja zenei univerzum\u00e1t.<\/p>\n","protected":false},"excerpt":{"rendered":"<p>Mirian Kolev ambient drone projektje minimalista \u00e9s meditat\u00edv, n\u00e9hol felbukkan\u00f3 pszichdelikus kanyarokkal &#8211; ak\u00e1r a kompon\u00e1l\u00e1s helysz\u00edne, a Balk\u00e1n hegys\u00e9g.<\/p>\n","protected":false},"featured_media":1992,"template":"","meta":{"_acf_changed":false,"ngg_post_thumbnail":0,"footnotes":""},"performer_year":[],"featured":[],"class_list":["post-1996","artist","type-artist","status-publish","has-post-thumbnail","hentry"],"acf":[],"_links":{"self":[{"href":"https:\/\/balkanmost.hu\/hu\/wp-json\/wp\/v2\/artist\/1996","targetHints":{"allow":["GET"]}}],"collection":[{"href":"https:\/\/balkanmost.hu\/hu\/wp-json\/wp\/v2\/artist"}],"about":[{"href":"https:\/\/balkanmost.hu\/hu\/wp-json\/wp\/v2\/types\/artist"}],"version-history":[{"count":1,"href":"https:\/\/balkanmost.hu\/hu\/wp-json\/wp\/v2\/artist\/1996\/revisions"}],"predecessor-version":[{"id":1998,"href":"https:\/\/balkanmost.hu\/hu\/wp-json\/wp\/v2\/artist\/1996\/revisions\/1998"}],"wp:featuredmedia":[{"embeddable":true,"href":"https:\/\/balkanmost.hu\/hu\/wp-json\/wp\/v2\/media\/1992"}],"wp:attachment":[{"href":"https:\/\/balkanmost.hu\/hu\/wp-json\/wp\/v2\/media?parent=1996"}],"wp:term":[{"taxonomy":"performer_year","embeddable":true,"href":"https:\/\/balkanmost.hu\/hu\/wp-json\/wp\/v2\/performer_year?post=1996"},{"taxonomy":"featured","embeddable":true,"href":"https:\/\/balkanmost.hu\/hu\/wp-json\/wp\/v2\/featured?post=1996"}],"curies":[{"name":"wp","href":"https:\/\/api.w.org\/{rel}","templated":true}]}}

<p>Mirian Kolev ambient drone projektje minimalista és meditatív, néhol felbukkanó pszichdelikus kanyarokkal &#8211; akár a komponálás helyszíne, a Balkán hegység. Szívesen pötyögtet improvizatív elemeket a téridő kontinuumba fellépései során, multidiszciplináris projektekkel tágítja zenei univerzumát.</p>

<p>Mirian Kolev ambient drone projektje minimalista és meditatív, néhol felbukkanó pszichdelikus kanyarokkal &#8211; akár a komponálás helyszíne, a Balkán hegység.</p>
