{"id":1754,"date":"2023-08-16T11:09:54","date_gmt":"2023-08-16T09:09:54","guid":{"rendered":"https:\/\/balkanmost.hu\/?post_type=artist&#038;p=1754"},"modified":"2023-08-16T11:09:36","modified_gmt":"2023-08-16T09:09:36","slug":"dj-sabs","status":"publish","type":"artist","link":"https:\/\/balkanmost.hu\/hu\/artist\/dj-sabs\/","title":{"rendered":"DJ Sabs"},"content":{"rendered":"<p>DJ Sabs pontosan tudja, mit rak, nem csak az\u00e9rt, mert kult\u00farantropol\u00f3gus, ink\u00e1bb az\u00e9rt, mert megsz\u00e1llott zenebolond, \u00e9s szem\u00e9lyes sz\u00e1lak k\u00f6tik a Balk\u00e1nhoz. Szettje beillik zenei gyorstalpal\u00f3nak, ahol el\u0151sz\u00f6r is a gy\u00f6kerek \u00e9s hibrid hat\u00e1sok ker\u00fclnek ter\u00edt\u00e9kre, majd azt veszi v\u00e9gig, mit kezdett ezzel a popzene, a punk-t\u00f3l a diszk\u00f3ig. 13 \u00e9ve keveri a trackeket, a zenei hagyom\u00e1nyokat, \u00e9s t\u00e1ncoltatja a k\u00f6z\u00f6ns\u00e9get.<\/p>\n","protected":false},"excerpt":{"rendered":"<p>DJ Sabs pontosan tudja, mit rak, nem csak az\u00e9rt, mert kult\u00farantropol\u00f3gus, ink\u00e1bb az\u00e9rt, mert megsz\u00e1llott zenebolond, \u00e9s szem\u00e9lyes sz\u00e1lak k\u00f6tik a Balk\u00e1nhoz. Szettje beillik zenei gyorstalpal\u00f3nak, ahol el\u0151sz\u00f6r is a gy\u00f6kerek \u00e9s hibrid hat\u00e1sok ker\u00fclnek ter\u00edt\u00e9kre, majd azt veszi v\u00e9gig, mit kezdett ezzel a popzene, a punk-t\u00f3l a diszk\u00f3ig. 13 \u00e9ve keveri a trackeket, a [&hellip;]<\/p>\n","protected":false},"featured_media":1751,"template":"","meta":{"_acf_changed":false,"ngg_post_thumbnail":0,"footnotes":""},"performer_year":[],"featured":[],"class_list":["post-1754","artist","type-artist","status-publish","has-post-thumbnail","hentry"],"acf":[],"_links":{"self":[{"href":"https:\/\/balkanmost.hu\/hu\/wp-json\/wp\/v2\/artist\/1754","targetHints":{"allow":["GET"]}}],"collection":[{"href":"https:\/\/balkanmost.hu\/hu\/wp-json\/wp\/v2\/artist"}],"about":[{"href":"https:\/\/balkanmost.hu\/hu\/wp-json\/wp\/v2\/types\/artist"}],"version-history":[{"count":2,"href":"https:\/\/balkanmost.hu\/hu\/wp-json\/wp\/v2\/artist\/1754\/revisions"}],"predecessor-version":[{"id":1758,"href":"https:\/\/balkanmost.hu\/hu\/wp-json\/wp\/v2\/artist\/1754\/revisions\/1758"}],"wp:featuredmedia":[{"embeddable":true,"href":"https:\/\/balkanmost.hu\/hu\/wp-json\/wp\/v2\/media\/1751"}],"wp:attachment":[{"href":"https:\/\/balkanmost.hu\/hu\/wp-json\/wp\/v2\/media?parent=1754"}],"wp:term":[{"taxonomy":"performer_year","embeddable":true,"href":"https:\/\/balkanmost.hu\/hu\/wp-json\/wp\/v2\/performer_year?post=1754"},{"taxonomy":"featured","embeddable":true,"href":"https:\/\/balkanmost.hu\/hu\/wp-json\/wp\/v2\/featured?post=1754"}],"curies":[{"name":"wp","href":"https:\/\/api.w.org\/{rel}","templated":true}]}}

<p>DJ Sabs pontosan tudja, mit rak, nem csak azért, mert kultúrantropológus, inkább azért, mert megszállott zenebolond, és személyes szálak kötik a Balkánhoz. Szettje beillik zenei gyorstalpalónak, ahol először is a gyökerek és hibrid hatások kerülnek terítékre, majd azt veszi végig, mit kezdett ezzel a popzene, a punk-tól a diszkóig. 13 éve keveri a trackeket, a zenei hagyományokat, és táncoltatja a közönséget.</p>

<p>DJ Sabs pontosan tudja, mit rak, nem csak azért, mert kultúrantropológus, inkább azért, mert megszállott zenebolond, és személyes szálak kötik a Balkánhoz. Szettje beillik zenei gyorstalpalónak, ahol először is a gyökerek és hibrid hatások kerülnek terítékre, majd azt veszi végig, mit kezdett ezzel a popzene, a punk-tól a diszkóig. 13 éve keveri a trackeket, a [&hellip;]</p>
