{"id":1615,"date":"2023-08-14T10:58:24","date_gmt":"2023-08-14T08:58:24","guid":{"rendered":"https:\/\/balkanmost.hu\/?post_type=artist&#038;p=1615"},"modified":"2023-09-08T16:14:15","modified_gmt":"2023-09-08T14:14:15","slug":"manu-chao-acoustic","status":"publish","type":"artist","link":"https:\/\/balkanmost.hu\/hu\/artist\/manu-chao-acoustic\/","title":{"rendered":"Manu Chao Acoustic"},"content":{"rendered":"<p><span style=\"font-weight: 400;\">L\u00e1zad\u00f3, t\u00f6bbnyelv\u0171, besorolhatatlan, mint a Balk\u00e1n. Az \u00e9l\u0151 legenda, b\u00e9keharcos, ska punk partiz\u00e1n <strong>Manu Chao<\/strong> sem maradhat ki a BALKAN:MOST programj\u00e1b\u00f3l, m\u00e9g ha nem is a f\u00e9lsziget sz\u00fcl\u00f6tte. Chao mindenhol otthon van, a vil\u00e1g legnagyobb sz\u00ednpadain \u00e9s foglalt h\u00e1zak falai k\u00f6zt, Veszpr\u00e9mbe is egy kis akusztikus form\u00e1ci\u00f3val \u00e9rkezik. A l\u00e9nyeg a mosoly, a hang, a git\u00e1r, a Me Gustas Tu \u00e9s a Clandestino, amik annyira \u00f6r\u00f6k\u00e9rv\u00e9ny\u0171ek, mint a Manut mozgat\u00f3 spiritusz.\u00a0<\/span><\/p>\n<p><span style=\"font-weight: 400;\">Az exkluz\u00edv koncerten nagyot m\u00e1rt\u00f3zhat a k\u00f6z\u00f6ns\u00e9g a Manu magicben: a t\u00f6bb, mint 2 \u00f3r\u00e1s k\u00fcl\u00f6nkiad\u00e1sban a legnagyobb sl\u00e1gerekre, \u00faj sz\u00e1mokra \u00e9s nagy k\u00f6z\u00f6s \u00e9nekl\u00e9sre is futja Veszpr\u00e9m sz\u00edv\u00e9ben. Ezt a szervez\u0151k egy elk\u00fcl\u00f6n\u00edtett helysz\u00ednen tudj\u00e1k biztos\u00edtani, ez\u00e9rt k\u00e9r\u00fcnk mindenkit, vegy\u00e9k figyelembe a k\u00fcl\u00f6nleges koncertre vonatkoz\u00f3 k\u00fcl\u00f6nleges felt\u00e9teleket:<\/span><\/p>\n<p><strong>A BALKAN:MOST \u00f6sszes koncertje ingyenes, kiv\u00e9ve az exkluz\u00edv Manu Chao koncert.<\/strong><\/p>\n<p><span style=\"font-weight: 400;\">A koncerten a m\u0171v\u00e9sz k\u00fcl\u00f6n\u00f6s k\u00e9r\u00e9se \u00e9rtelm\u00e9ben korl\u00e1tozott l\u00e9tsz\u00e1m\u00fa l\u00e1togat\u00f3 vehet r\u00e9szt.\u00a0<\/span><\/p>\n<p><span style=\"font-weight: 400;\">Egy szem\u00e9ly maximum k\u00e9t jegyet v\u00e1s\u00e1rolhat. Javasoljuk, hogy miel\u0151bb vedd meg a jegyed a koncertre az al\u00e1bbi linken!<\/span><b> \u00a0<\/b><span style=\"font-weight: 400;\">A koncertjegy n\u00e9vre sz\u00f3l. A koncertre t\u00f6rt\u00e9n\u0151 bel\u00e9p\u00e9s sor\u00e1n a jegyv\u00e1s\u00e1rl\u00f3nak igazolnia kell, hogy az \u00e1ltala felhaszn\u00e1lni k\u00edv\u00e1nt jegy vagy jegyek az \u0151 nev\u00e9re sz\u00f3lnak. Az igazol\u00e1s f\u00e9nyk\u00e9pes igazolv\u00e1ny felmutat\u00e1s\u00e1val t\u00f6rt\u00e9nhet.<\/span><\/p>\n<p><span style=\"font-weight: 400;\">A koncertre kiz\u00e1r\u00f3lag a V\u00e1r utca fel\u0151li fesztiv\u00e1lkapun kereszt\u00fcl engedj\u00fck be a l\u00e1togat\u00f3kat.<\/span><\/p>\n<p><span style=\"font-weight: 400;\">A jegybirtokos a Rendezv\u00e9ny ter\u00fclet\u00e9re val\u00f3 bel\u00e9p\u00e9ssel a<\/span><span style=\"font-weight: 400;\"> Balkan:MOST Fesztiv\u00e1l <a href=\"http:\/\/chrome-extension:\/\/efaidnbmnnnibpcajpcglclefindmkaj\/https:\/\/balkanmost.hu\/wp-content\/uploads\/2023\/08\/balkanmost_altalanos_szerzodesi_feltetelek.pdf\" target=\"_blank\" rel=\"noopener\"><strong>\u00c1SZF<\/strong>-et<\/a><\/span><span style=\"font-weight: 400;\"> \u00e9s a Rendezv\u00e9ny <a href=\"http:\/\/chrome-extension:\/\/efaidnbmnnnibpcajpcglclefindmkaj\/https:\/\/balkanmost.hu\/wp-content\/uploads\/2023\/08\/balkanmost_altalanos_szerzodesi_feltetelek.pdf\" target=\"_blank\" rel=\"noopener\"><strong>H\u00e1zirend<\/strong>j\u00e9t <\/a>mag\u00e1ra n\u00e9zve k\u00f6telez\u0151nek fogadja el.\u00a0<\/span><\/p>\n<p><a class=\"btn btn-primary\" href=\"https:\/\/veszprembalaton2023.hu\/esemeny\/manu-chao-acoustic-balkan-most-fesztival\" target=\"_blank\" rel=\"noopener\">JEGYV\u00c1S\u00c1RL\u00c1S<\/a><\/p>\n<h3>TELTH\u00c1Z!<\/h3>\n<p>&nbsp;<\/p>\n<p><span style=\"font-weight: 400;\">Amennyiben a jegyv\u00e1s\u00e1rl\u00f3 nem a r\u00e9sztvev\u0151 nev\u00e9re sz\u00f3l\u00f3 fi\u00f3kb\u00f3l v\u00e1s\u00e1rolta meg a jegyet \u00e9s nem a r\u00e9sztvev\u0151 neve ker\u00fclt r\u00e1, vagy a jegybirtokos valamilyen rajta k\u00edv\u00fcl \u00e1ll\u00f3 okb\u00f3l m\u00e9gsem tud r\u00e9szt venni az esem\u00e9nyen, \u00e9s a jegyeket \u00e1t k\u00edv\u00e1nja ruh\u00e1zni valakire, erre a k\u00f6vetkez\u0151k\u00e9ppen van lehet\u0151s\u00e9g:<\/span><span style=\"font-weight: 400;\"><br \/>\n<\/span><\/p>\n<ul>\n<li style=\"font-weight: 400;\" aria-level=\"1\"><span style=\"font-weight: 400;\">Az \u00faj jegybirtokosnak, akire \u00e1truh\u00e1zn\u00e1 a jegyet, els\u0151 l\u00e9p\u00e9sk\u00e9nt regisztr\u00e1lnia kell a<\/span><strong><a href=\"https:\/\/veszprembalaton2023.hu\/oldal\/veb2023-mobilalkalmazas\"> VEB2023 mobil app<\/a><\/strong><span style=\"font-weight: 400;\">ban. K\u00e9rj\u00fck, figyeljen arra, hogy az appon bel\u00fcli szem\u00e9lyes adatait kib\u0151v\u00edtse a jegyre ker\u00fcl\u0151 n\u00e9vvel.<\/span><\/li>\n<li style=\"font-weight: 400;\" aria-level=\"1\"><span style=\"font-weight: 400;\">A regisztr\u00e1ci\u00f3t k\u00f6vet\u0151en adatait ellen\u0151rizheti a <\/span><strong><a href=\"https:\/\/jegy.veb2023.hu\/hu\">jegy.veb2023.hu<\/a><\/strong><span style=\"font-weight: 400;\"> oldalon is a <img loading=\"lazy\" decoding=\"async\" class=\"alignnone wp-image-1893\" src=\"https:\/\/balkanmost.hu\/wp-content\/uploads\/2023\/08\/ikon.png\" alt=\"\" width=\"20\" height=\"25\" \/> <\/span><span style=\"font-weight: 400;\">ikonra kattintva.<\/span><\/li>\n<li style=\"font-weight: 400;\" aria-level=\"1\"><span style=\"font-weight: 400;\">A kor\u00e1bbi jegybirtokosnak, aki \u00e1truh\u00e1zn\u00e1 a jegyet, egy emailt kell \u00edrnia a <\/span><span style=\"font-weight: 400;\">jegy@veb2023.hu<\/span><span style=\"font-weight: 400;\">-ra, amelyben megnevezi az \u00faj jegybirtokost \u00e9s az \u00faj jegybirtokos email c\u00edm\u00e9t, akire \u00e1truh\u00e1zza a jegyet (\u00e9s aki ezzel p\u00e1rhuzamosan regisztr\u00e1lt VEB2023 mobil appban).<\/span><\/li>\n<li style=\"font-weight: 400;\" aria-level=\"1\"><span style=\"font-weight: 400;\">Ezut\u00e1n a VEB2023 kik\u00fcldi az \u00e1truh\u00e1zott jegyet az \u00faj jegybirtokosnak,<\/span><span style=\"font-weight: 400;\"> illetve a jegyek megtal\u00e1lhat\u00f3k lesznek a VEB2023 mobilalkalmaz\u00e1s \u201eBel\u00e9p\u0151im\u201d men\u00fcpontja alatt is.<\/span><\/li>\n<\/ul>\n<p><b>A jegy\u00e1truh\u00e1z\u00e1s hat\u00e1rideje: szeptember 8., 16 \u00f3ra<\/b><\/p>\n<p><span style=\"font-weight: 400;\">Mindenkit k\u00e9r\u00fcnk, hogy ha nem a nev\u00e9re sz\u00f3l\u00f3 jeggyel rendelkezik, a fenti hat\u00e1rid\u0151ig online tegye meg a n\u00e9v\u00e1t\u00edr\u00e1st.\u00a0<\/span><\/p>\n<p><span style=\"font-weight: 400;\">A helysz\u00ednen egy k\u00e9t tan\u00fas jegy\u00e1truh\u00e1z\u00e1si nyilatkozat ellen\u00e9ben tudunk csak a jeggyel m\u00e1st beengedni. A nyilatkozatokat az <\/span><span style=\"text-decoration: underline;\"><a href=\"https:\/\/www.google.com\/maps\/place\/Veszpr%C3%A9m-Balaton+2023+EKF+Infopont\/@47.0933304,17.9113315,15z\/data=!4m6!3m5!1s0x47699b6346a1813b:0x277897f67a954e0e!8m2!3d47.0933304!4d17.9113315!16s%2Fg%2F11jybchdbh?entry=ttu\"><span style=\"font-weight: 400;\">EKF Infopontban<\/span><\/a><\/span><span style=\"font-weight: 400;\"> k\u00e9rj\u00fck bemutatni, az esem\u00e9ny napj\u00e1n 17:00 &#8211; 20:00-ig.\u00a0 (A <\/span><strong><span style=\"text-decoration: underline;\"><a href=\"https:\/\/balkanmost.hu\/wp-content\/uploads\/2023\/09\/Jegyatruhazas-HU.docx\">nyilatkozat<\/a><\/span><\/strong><span style=\"font-weight: 400;\"> sz\u00f6vegez\u00e9s\u00e9re javasoljuk: <\/span><span style=\"font-weight: 400;\">\u201c\u00c9n, \u2026.. (sz\u00fcl. hely \u00e9s id\u0151, anyja neve, lakc\u00edm) a Manu Chao Acoustic veszpr\u00e9mi, 2023.09. 09. napj\u00e1n tartand\u00f3 koncertj\u00e9re sz\u00f3l\u00f3 jegyemet ez\u00faton \u00e1truh\u00e1zom \u2026\u2026-re (sz\u00fcl. hely \u00e9s id\u0151, anyja neve, lakc\u00edm;\u00a0 k\u00e9t tan\u00fa \u00e1ltal al\u00e1\u00edrva).\u201d\u00a0<\/span><\/p>\n<p><span style=\"font-weight: 400;\">A jegyet a koncert napj\u00e1n az <\/span><b>EKF Infoponton<\/b><span style=\"font-weight: 400;\"> (c\u00edm: 8200 Veszpr\u00e9m, Kossuth utca 21). <\/span><b>17:00 \u2013 20:00 \u00f3ra k\u00f6z\u00f6tt<\/b><span style=\"font-weight: 400;\">, illetve a V\u00e1r utca fel\u0151li<\/span><b> fesztiv\u00e1lkapun\u00e1l<\/b> <b>19:30 \u00f3r\u00e1t\u00f3l<\/b><span style=\"font-weight: 400;\"> lehet karszalagra v\u00e1ltani. A sorban \u00e1ll\u00e1s elker\u00fcl\u00e9se \u00e9rdek\u00e9ben javasoljuk, hogy id\u0151ben \u00e9rkezzen a helysz\u00ednre.\u00a0<\/span><\/p>\n<p><b>A koncertre kiz\u00e1r\u00f3lag a V\u00e1r utca fel\u0151li fesztiv\u00e1lkapun kereszt\u00fcl van lehet\u0151s\u00e9g bel\u00e9pni. <\/b><span style=\"font-weight: 400;\">\u00a0<\/span><\/p>\n<p><span style=\"text-decoration: underline;\"><a href=\"https:\/\/balkanmost.hu\/wp-content\/uploads\/2023\/08\/balkanmost_hazirend.pdf\" target=\"_blank\" rel=\"noopener\">H\u00e1zirend<\/a><\/span><\/p>\n<p><span style=\"text-decoration: underline;\"><a href=\"https:\/\/balkanmost.hu\/wp-content\/uploads\/2023\/08\/balkanmost_altalanos_szerzodesi_feltetelek.pdf\" target=\"_blank\" rel=\"noopener\">\u00c1ltal\u00e1nos Szerz\u0151d\u00e9si Felt\u00e9telek<\/a><\/span><\/p>\n","protected":false},"excerpt":{"rendered":"<p>L\u00e1zad\u00f3, t\u00f6bbnyelv\u0171, besorolhatatlan, mint a Balk\u00e1n. Az \u00e9l\u0151 legenda, b\u00e9keharcos, ska punk partiz\u00e1n Manu Chao sem maradhat ki a BALKAN:MOST programj\u00e1b\u00f3l, m\u00e9g ha nem is a f\u00e9lsziget sz\u00fcl\u00f6tte. Chao mindenhol otthon van, a vil\u00e1g legnagyobb sz\u00ednpadain \u00e9s foglalt h\u00e1zak falai k\u00f6zt, Veszpr\u00e9mbe is egy kis akusztikus form\u00e1ci\u00f3val \u00e9rkezik. A l\u00e9nyeg a mosoly, a hang, a [&hellip;]<\/p>\n","protected":false},"featured_media":1616,"template":"","meta":{"_acf_changed":false,"ngg_post_thumbnail":0,"footnotes":""},"performer_year":[],"featured":[11,19],"class_list":["post-1615","artist","type-artist","status-publish","has-post-thumbnail","hentry","featured-igen","featured-igen-hu"],"acf":[],"_links":{"self":[{"href":"https:\/\/balkanmost.hu\/hu\/wp-json\/wp\/v2\/artist\/1615","targetHints":{"allow":["GET"]}}],"collection":[{"href":"https:\/\/balkanmost.hu\/hu\/wp-json\/wp\/v2\/artist"}],"about":[{"href":"https:\/\/balkanmost.hu\/hu\/wp-json\/wp\/v2\/types\/artist"}],"version-history":[{"count":5,"href":"https:\/\/balkanmost.hu\/hu\/wp-json\/wp\/v2\/artist\/1615\/revisions"}],"predecessor-version":[{"id":2025,"href":"https:\/\/balkanmost.hu\/hu\/wp-json\/wp\/v2\/artist\/1615\/revisions\/2025"}],"wp:featuredmedia":[{"embeddable":true,"href":"https:\/\/balkanmost.hu\/hu\/wp-json\/wp\/v2\/media\/1616"}],"wp:attachment":[{"href":"https:\/\/balkanmost.hu\/hu\/wp-json\/wp\/v2\/media?parent=1615"}],"wp:term":[{"taxonomy":"performer_year","embeddable":true,"href":"https:\/\/balkanmost.hu\/hu\/wp-json\/wp\/v2\/performer_year?post=1615"},{"taxonomy":"featured","embeddable":true,"href":"https:\/\/balkanmost.hu\/hu\/wp-json\/wp\/v2\/featured?post=1615"}],"curies":[{"name":"wp","href":"https:\/\/api.w.org\/{rel}","templated":true}]}}

<p><span style="font-weight: 400;">Lázadó, többnyelvű, besorolhatatlan, mint a Balkán. Az élő legenda, békeharcos, ska punk partizán <strong>Manu Chao</strong> sem maradhat ki a BALKAN:MOST programjából, még ha nem is a félsziget szülötte. Chao mindenhol otthon van, a világ legnagyobb színpadain és foglalt házak falai közt, Veszprémbe is egy kis akusztikus formációval érkezik. A lényeg a mosoly, a hang, a gitár, a Me Gustas Tu és a Clandestino, amik annyira örökérvényűek, mint a Manut mozgató spiritusz. </span></p>
<p><span style="font-weight: 400;">Az exkluzív koncerten nagyot mártózhat a közönség a Manu magicben: a több, mint 2 órás különkiadásban a legnagyobb slágerekre, új számokra és nagy közös éneklésre is futja Veszprém szívében. Ezt a szervezők egy elkülönített helyszínen tudják biztosítani, ezért kérünk mindenkit, vegyék figyelembe a különleges koncertre vonatkozó különleges feltételeket:</span></p>
<p><strong>A BALKAN:MOST összes koncertje ingyenes, kivéve az exkluzív Manu Chao koncert.</strong></p>
<p><span style="font-weight: 400;">A koncerten a művész különös kérése értelmében korlátozott létszámú látogató vehet részt. </span></p>
<p><span style="font-weight: 400;">Egy személy maximum két jegyet vásárolhat. Javasoljuk, hogy mielőbb vedd meg a jegyed a koncertre az alábbi linken!</span><b>  </b><span style="font-weight: 400;">A koncertjegy névre szól. A koncertre történő belépés során a jegyvásárlónak igazolnia kell, hogy az általa felhasználni kívánt jegy vagy jegyek az ő nevére szólnak. Az igazolás fényképes igazolvány felmutatásával történhet.</span></p>
<p><span style="font-weight: 400;">A koncertre kizárólag a Vár utca felőli fesztiválkapun keresztül engedjük be a látogatókat.</span></p>
<p><span style="font-weight: 400;">A jegybirtokos a Rendezvény területére való belépéssel a</span><span style="font-weight: 400;"> Balkan:MOST Fesztivál <a href="http://chrome-extension://efaidnbmnnnibpcajpcglclefindmkaj/https://balkanmost.hu/wp-content/uploads/2023/08/balkanmost_altalanos_szerzodesi_feltetelek.pdf" target="_blank" rel="noopener"><strong>ÁSZF</strong>-et</a></span><span style="font-weight: 400;"> és a Rendezvény <a href="http://chrome-extension://efaidnbmnnnibpcajpcglclefindmkaj/https://balkanmost.hu/wp-content/uploads/2023/08/balkanmost_altalanos_szerzodesi_feltetelek.pdf" target="_blank" rel="noopener"><strong>Házirend</strong>jét </a>magára nézve kötelezőnek fogadja el. </span></p>
<p><a class="btn btn-primary" href="https://veszprembalaton2023.hu/esemeny/manu-chao-acoustic-balkan-most-fesztival" target="_blank" rel="noopener">JEGYVÁSÁRLÁS</a></p>
<h3>TELTHÁZ!</h3>
<p>&nbsp;</p>
<p><span style="font-weight: 400;">Amennyiben a jegyvásárló nem a résztvevő nevére szóló fiókból vásárolta meg a jegyet és nem a résztvevő neve került rá, vagy a jegybirtokos valamilyen rajta kívül álló okból mégsem tud részt venni az eseményen, és a jegyeket át kívánja ruházni valakire, erre a következőképpen van lehetőség:</span><span style="font-weight: 400;"><br />
</span></p>
<ul>
<li style="font-weight: 400;" aria-level="1"><span style="font-weight: 400;">Az új jegybirtokosnak, akire átruházná a jegyet, első lépésként regisztrálnia kell a</span><strong><a href="https://veszprembalaton2023.hu/oldal/veb2023-mobilalkalmazas"> VEB2023 mobil app</a></strong><span style="font-weight: 400;">ban. Kérjük, figyeljen arra, hogy az appon belüli személyes adatait kibővítse a jegyre kerülő névvel.</span></li>
<li style="font-weight: 400;" aria-level="1"><span style="font-weight: 400;">A regisztrációt követően adatait ellenőrizheti a </span><strong><a href="https://jegy.veb2023.hu/hu">jegy.veb2023.hu</a></strong><span style="font-weight: 400;"> oldalon is a <img loading="lazy" decoding="async" class="alignnone wp-image-1893" src="https://balkanmost.hu/wp-content/uploads/2023/08/ikon.png" alt="" width="20" height="25" /> </span><span style="font-weight: 400;">ikonra kattintva.</span></li>
<li style="font-weight: 400;" aria-level="1"><span style="font-weight: 400;">A korábbi jegybirtokosnak, aki átruházná a jegyet, egy emailt kell írnia a </span><span style="font-weight: 400;">jegy@veb2023.hu</span><span style="font-weight: 400;">-ra, amelyben megnevezi az új jegybirtokost és az új jegybirtokos email címét, akire átruházza a jegyet (és aki ezzel párhuzamosan regisztrált VEB2023 mobil appban).</span></li>
<li style="font-weight: 400;" aria-level="1"><span style="font-weight: 400;">Ezután a VEB2023 kiküldi az átruházott jegyet az új jegybirtokosnak,</span><span style="font-weight: 400;"> illetve a jegyek megtalálhatók lesznek a VEB2023 mobilalkalmazás „Belépőim” menüpontja alatt is.</span></li>
</ul>
<p><b>A jegyátruházás határideje: szeptember 8., 16 óra</b></p>
<p><span style="font-weight: 400;">Mindenkit kérünk, hogy ha nem a nevére szóló jeggyel rendelkezik, a fenti határidőig online tegye meg a névátírást. </span></p>
<p><span style="font-weight: 400;">A helyszínen egy két tanús jegyátruházási nyilatkozat ellenében tudunk csak a jeggyel mást beengedni. A nyilatkozatokat az </span><span style="text-decoration: underline;"><a href="https://www.google.com/maps/place/Veszpr%C3%A9m-Balaton+2023+EKF+Infopont/@47.0933304,17.9113315,15z/data=!4m6!3m5!1s0x47699b6346a1813b:0x277897f67a954e0e!8m2!3d47.0933304!4d17.9113315!16s%2Fg%2F11jybchdbh?entry=ttu"><span style="font-weight: 400;">EKF Infopontban</span></a></span><span style="font-weight: 400;"> kérjük bemutatni, az esemény napján 17:00 &#8211; 20:00-ig.  (A </span><strong><span style="text-decoration: underline;"><a href="https://balkanmost.hu/wp-content/uploads/2023/09/Jegyatruhazas-HU.docx">nyilatkozat</a></span></strong><span style="font-weight: 400;"> szövegezésére javasoljuk: </span><span style="font-weight: 400;">“Én, ….. (szül. hely és idő, anyja neve, lakcím) a Manu Chao Acoustic veszprémi, 2023.09. 09. napján tartandó koncertjére szóló jegyemet ezúton átruházom ……-re (szül. hely és idő, anyja neve, lakcím;  két tanú által aláírva).” </span></p>
<p><span style="font-weight: 400;">A jegyet a koncert napján az </span><b>EKF Infoponton</b><span style="font-weight: 400;"> (cím: 8200 Veszprém, Kossuth utca 21). </span><b>17:00 – 20:00 óra között</b><span style="font-weight: 400;">, illetve a Vár utca felőli</span><b> fesztiválkapunál</b> <b>19:30 órától</b><span style="font-weight: 400;"> lehet karszalagra váltani. A sorban állás elkerülése érdekében javasoljuk, hogy időben érkezzen a helyszínre. </span></p>
<p><b>A koncertre kizárólag a Vár utca felőli fesztiválkapun keresztül van lehetőség belépni. </b><span style="font-weight: 400;"> </span></p>
<p><span style="text-decoration: underline;"><a href="https://balkanmost.hu/wp-content/uploads/2023/08/balkanmost_hazirend.pdf" target="_blank" rel="noopener">Házirend</a></span></p>
<p><span style="text-decoration: underline;"><a href="https://balkanmost.hu/wp-content/uploads/2023/08/balkanmost_altalanos_szerzodesi_feltetelek.pdf" target="_blank" rel="noopener">Általános Szerződési Feltételek</a></span></p>

<p>Lázadó, többnyelvű, besorolhatatlan, mint a Balkán. Az élő legenda, békeharcos, ska punk partizán Manu Chao sem maradhat ki a BALKAN:MOST programjából, még ha nem is a félsziget szülötte. Chao mindenhol otthon van, a világ legnagyobb színpadain és foglalt házak falai közt, Veszprémbe is egy kis akusztikus formációval érkezik. A lényeg a mosoly, a hang, a [&hellip;]</p>
